{"id":850,"date":"2023-11-04T01:15:52","date_gmt":"2023-11-04T05:15:52","guid":{"rendered":"https:\/\/editora.uea.edu.br\/?post_type=product&#038;p=850"},"modified":"2025-07-23T09:19:28","modified_gmt":"2025-07-23T13:19:28","slug":"revisitacao-do-lendario-amazonico-atraves-da-escritura-dramatica","status":"publish","type":"product","link":"https:\/\/editora.uea.edu.br\/?product=revisitacao-do-lendario-amazonico-atraves-da-escritura-dramatica","title":{"rendered":"Revisita\u00e7\u00e3o do lend\u00e1rio amaz\u00f4nico atrav\u00e9s da escritura dram\u00e1tica"},"content":{"rendered":"<p>A obra discute a edifica\u00e7\u00e3o do lend\u00e1rio amaz\u00f4nico enquanto pr\u00e1tica social e exp\u00f5e o processo criativo do desenvolvimento da escritura dram\u00e1tica, bem como apresenta as duas dramaturgias desenvolvidas: <em>A captura do Mapinguari<\/em> e <em>Invas\u00e3o, ou Dom Sebasti\u00e3o, rei do fundo<\/em>.<\/p>\n<p>&nbsp;<\/p>\n<p><strong>Como citar<\/strong>:<br \/>\nPOZZETTI, G. R. <em>Revisita\u00e7\u00e3o do lend\u00e1rio amaz\u00f4nico atrav\u00e9s da escritura dram\u00e1tica<\/em>. Manaus: UEA Edi\u00e7\u00f5es, 2015.<\/p>\n<p>&nbsp;<\/p>\n<p><strong>Dispon\u00edvel em<\/strong>:<\/p>\n<p>(link em manuten\u00e7\u00e3o)<\/p>\n<p>&nbsp;<\/p>\n","protected":false},"excerpt":{"rendered":"<p>A obra discute a edifica\u00e7\u00e3o do lend\u00e1rio amaz\u00f4nico enquanto pr\u00e1tica social e exp\u00f5e o processo criativo do desenvolvimento da escritura dram\u00e1tica, bem como apresenta as duas dramaturgias desenvolvidas: A captura do Mapinguari e Invas\u00e3o, ou Dom Sebasti\u00e3o, rei do fundo. &nbsp; Como citar: POZZETTI, G. R. Revisita\u00e7\u00e3o do lend\u00e1rio amaz\u00f4nico atrav\u00e9s da escritura dram\u00e1tica. Manaus: [&hellip;]<\/p>\n","protected":false},"featured_media":851,"comment_status":"open","ping_status":"closed","template":"","meta":{"om_disable_all_campaigns":false,"_uag_custom_page_level_css":"","_monsterinsights_skip_tracking":false,"_monsterinsights_sitenote_active":false,"_monsterinsights_sitenote_note":"","_monsterinsights_sitenote_category":0,"site-sidebar-layout":"default","site-content-layout":"","ast-site-content-layout":"default","site-content-style":"default","site-sidebar-style":"default","ast-global-header-display":"","ast-banner-title-visibility":"","ast-main-header-display":"","ast-hfb-above-header-display":"","ast-hfb-below-header-display":"","ast-hfb-mobile-header-display":"","site-post-title":"","ast-breadcrumbs-content":"","ast-featured-img":"","footer-sml-layout":"","theme-transparent-header-meta":"default","adv-header-id-meta":"","stick-header-meta":"","header-above-stick-meta":"","header-main-stick-meta":"","header-below-stick-meta":"","astra-migrate-meta-layouts":"set","ast-page-background-enabled":"default","ast-page-background-meta":{"desktop":{"background-color":"var(--ast-global-color-4)","background-image":"","background-repeat":"repeat","background-position":"center center","background-size":"auto","background-attachment":"scroll","background-type":"","background-media":"","overlay-type":"","overlay-color":"","overlay-gradient":""},"tablet":{"background-color":"","background-image":"","background-repeat":"repeat","background-position":"center center","background-size":"auto","background-attachment":"scroll","background-type":"","background-media":"","overlay-type":"","overlay-color":"","overlay-gradient":""},"mobile":{"background-color":"","background-image":"","background-repeat":"repeat","background-position":"center center","background-size":"auto","background-attachment":"scroll","background-type":"","background-media":"","overlay-type":"","overlay-color":"","overlay-gradient":""}},"ast-content-background-meta":{"desktop":{"background-color":"var(--ast-global-color-5)","background-image":"","background-repeat":"repeat","background-position":"center center","background-size":"auto","background-attachment":"scroll","background-type":"","background-media":"","overlay-type":"","overlay-color":"","overlay-gradient":""},"tablet":{"background-color":"var(--ast-global-color-5)","background-image":"","background-repeat":"repeat","background-position":"center center","background-size":"auto","background-attachment":"scroll","background-type":"","background-media":"","overlay-type":"","overlay-color":"","overlay-gradient":""},"mobile":{"background-color":"var(--ast-global-color-5)","background-image":"","background-repeat":"repeat","background-position":"center center","background-size":"auto","background-attachment":"scroll","background-type":"","background-media":"","overlay-type":"","overlay-color":"","overlay-gradient":""}},"_themeisle_gutenberg_block_has_review":false},"product_cat":[230,231,20,232],"product_tag":[293],"aioseo_notices":[],"uagb_featured_image_src":{"full":["https:\/\/editora.uea.edu.br\/wp-content\/uploads\/2024\/01\/WhatsApp-Image-2024-01-12-at-10.59.46.jpeg",659,964,false],"thumbnail":["https:\/\/editora.uea.edu.br\/wp-content\/uploads\/2024\/01\/WhatsApp-Image-2024-01-12-at-10.59.46-150x150.jpeg",150,150,true],"medium":["https:\/\/editora.uea.edu.br\/wp-content\/uploads\/2024\/01\/WhatsApp-Image-2024-01-12-at-10.59.46-205x300.jpeg",205,300,true],"medium_large":["https:\/\/editora.uea.edu.br\/wp-content\/uploads\/2024\/01\/WhatsApp-Image-2024-01-12-at-10.59.46.jpeg",659,964,false],"large":["https:\/\/editora.uea.edu.br\/wp-content\/uploads\/2024\/01\/WhatsApp-Image-2024-01-12-at-10.59.46.jpeg",547,800,false],"1536x1536":["https:\/\/editora.uea.edu.br\/wp-content\/uploads\/2024\/01\/WhatsApp-Image-2024-01-12-at-10.59.46.jpeg",659,964,false],"2048x2048":["https:\/\/editora.uea.edu.br\/wp-content\/uploads\/2024\/01\/WhatsApp-Image-2024-01-12-at-10.59.46.jpeg",659,964,false],"codesigner-thumb":["https:\/\/editora.uea.edu.br\/wp-content\/uploads\/2024\/01\/WhatsApp-Image-2024-01-12-at-10.59.46-400x400.jpeg",400,400,true],"woocommerce_thumbnail":["https:\/\/editora.uea.edu.br\/wp-content\/uploads\/2024\/01\/WhatsApp-Image-2024-01-12-at-10.59.46-200x296.jpeg",200,296,true],"woocommerce_single":["https:\/\/editora.uea.edu.br\/wp-content\/uploads\/2024\/01\/WhatsApp-Image-2024-01-12-at-10.59.46-200x293.jpeg",200,293,true],"woocommerce_gallery_thumbnail":["https:\/\/editora.uea.edu.br\/wp-content\/uploads\/2024\/01\/WhatsApp-Image-2024-01-12-at-10.59.46-100x100.jpeg",100,100,true]},"uagb_author_info":{"display_name":"editora","author_link":"https:\/\/editora.uea.edu.br\/?author=0"},"uagb_comment_info":0,"uagb_excerpt":"A obra discute a edifica\u00e7\u00e3o do lend\u00e1rio amaz\u00f4nico enquanto pr\u00e1tica social e exp\u00f5e o processo criativo do desenvolvimento da escritura dram\u00e1tica, bem como apresenta as duas dramaturgias desenvolvidas: A captura do Mapinguari e Invas\u00e3o, ou Dom Sebasti\u00e3o, rei do fundo. &nbsp; Como citar: POZZETTI, G. R. Revisita\u00e7\u00e3o do lend\u00e1rio amaz\u00f4nico atrav\u00e9s da escritura dram\u00e1tica. Manaus:&hellip;","_links":{"self":[{"href":"https:\/\/editora.uea.edu.br\/index.php?rest_route=\/wp\/v2\/product\/850"}],"collection":[{"href":"https:\/\/editora.uea.edu.br\/index.php?rest_route=\/wp\/v2\/product"}],"about":[{"href":"https:\/\/editora.uea.edu.br\/index.php?rest_route=\/wp\/v2\/types\/product"}],"replies":[{"embeddable":true,"href":"https:\/\/editora.uea.edu.br\/index.php?rest_route=%2Fwp%2Fv2%2Fcomments&post=850"}],"wp:featuredmedia":[{"embeddable":true,"href":"https:\/\/editora.uea.edu.br\/index.php?rest_route=\/wp\/v2\/media\/851"}],"wp:attachment":[{"href":"https:\/\/editora.uea.edu.br\/index.php?rest_route=%2Fwp%2Fv2%2Fmedia&parent=850"}],"wp:term":[{"taxonomy":"product_cat","embeddable":true,"href":"https:\/\/editora.uea.edu.br\/index.php?rest_route=%2Fwp%2Fv2%2Fproduct_cat&post=850"},{"taxonomy":"product_tag","embeddable":true,"href":"https:\/\/editora.uea.edu.br\/index.php?rest_route=%2Fwp%2Fv2%2Fproduct_tag&post=850"}],"curies":[{"name":"wp","href":"https:\/\/api.w.org\/{rel}","templated":true}]}}