{"id":803,"date":"2023-11-04T00:00:11","date_gmt":"2023-11-04T04:00:11","guid":{"rendered":"https:\/\/editora.uea.edu.br\/?post_type=product&#038;p=803"},"modified":"2025-07-24T13:55:23","modified_gmt":"2025-07-24T17:55:23","slug":"de-la-pan-amazonia-al-rio-de-la-plata","status":"publish","type":"product","link":"https:\/\/editora.uea.edu.br\/?product=de-la-pan-amazonia-al-rio-de-la-plata","title":{"rendered":"De la Pan-Amazonia al R\u00edo de la Plata"},"content":{"rendered":"<p>Atrav\u00e9s de um contramovimento, a obra em vers\u00e3o impressa revela o processo de coloniza\u00e7\u00e3o e as neocoloniza\u00e7\u00f5es subsequentes at\u00e9 hoje. Apresenta tamb\u00e9m a cartografia social que emerge do povo, e as problem\u00e1ticas que se encontram na ampla regi\u00e3o amaz\u00f4nica.<\/p>\n<p>&nbsp;<\/p>\n<p><strong>Como citar<\/strong>:<br \/>\nPICOTTI, D.; ALMEIDA, A. W. B. (orgs.). <em>De la Pan-Amazonia al R\u00edo de la <\/em><em>Plata<\/em>. Manaus: UEA Edi\u00e7\u00f5es, 2014.<\/p>\n","protected":false},"excerpt":{"rendered":"<p>Atrav\u00e9s de um contramovimento, a obra em vers\u00e3o impressa revela o processo de coloniza\u00e7\u00e3o e as neocoloniza\u00e7\u00f5es subsequentes at\u00e9 hoje. Apresenta tamb\u00e9m a cartografia social que emerge do povo, e as problem\u00e1ticas que se encontram na ampla regi\u00e3o amaz\u00f4nica. &nbsp; Como citar: PICOTTI, D.; ALMEIDA, A. W. B. (orgs.). De la Pan-Amazonia al R\u00edo de [&hellip;]<\/p>\n","protected":false},"featured_media":804,"comment_status":"open","ping_status":"closed","template":"","meta":{"om_disable_all_campaigns":false,"_uag_custom_page_level_css":"","_monsterinsights_skip_tracking":false,"_monsterinsights_sitenote_active":false,"_monsterinsights_sitenote_note":"","_monsterinsights_sitenote_category":0,"site-sidebar-layout":"default","site-content-layout":"","ast-site-content-layout":"default","site-content-style":"default","site-sidebar-style":"default","ast-global-header-display":"","ast-banner-title-visibility":"","ast-main-header-display":"","ast-hfb-above-header-display":"","ast-hfb-below-header-display":"","ast-hfb-mobile-header-display":"","site-post-title":"","ast-breadcrumbs-content":"","ast-featured-img":"","footer-sml-layout":"","theme-transparent-header-meta":"default","adv-header-id-meta":"","stick-header-meta":"","header-above-stick-meta":"","header-main-stick-meta":"","header-below-stick-meta":"","astra-migrate-meta-layouts":"set","ast-page-background-enabled":"default","ast-page-background-meta":{"desktop":{"background-color":"var(--ast-global-color-4)","background-image":"","background-repeat":"repeat","background-position":"center center","background-size":"auto","background-attachment":"scroll","background-type":"","background-media":"","overlay-type":"","overlay-color":"","overlay-gradient":""},"tablet":{"background-color":"","background-image":"","background-repeat":"repeat","background-position":"center center","background-size":"auto","background-attachment":"scroll","background-type":"","background-media":"","overlay-type":"","overlay-color":"","overlay-gradient":""},"mobile":{"background-color":"","background-image":"","background-repeat":"repeat","background-position":"center center","background-size":"auto","background-attachment":"scroll","background-type":"","background-media":"","overlay-type":"","overlay-color":"","overlay-gradient":""}},"ast-content-background-meta":{"desktop":{"background-color":"var(--ast-global-color-5)","background-image":"","background-repeat":"repeat","background-position":"center center","background-size":"auto","background-attachment":"scroll","background-type":"","background-media":"","overlay-type":"","overlay-color":"","overlay-gradient":""},"tablet":{"background-color":"var(--ast-global-color-5)","background-image":"","background-repeat":"repeat","background-position":"center center","background-size":"auto","background-attachment":"scroll","background-type":"","background-media":"","overlay-type":"","overlay-color":"","overlay-gradient":""},"mobile":{"background-color":"var(--ast-global-color-5)","background-image":"","background-repeat":"repeat","background-position":"center center","background-size":"auto","background-attachment":"scroll","background-type":"","background-media":"","overlay-type":"","overlay-color":"","overlay-gradient":""}},"_themeisle_gutenberg_block_has_review":false},"product_cat":[97,230,40,119,65],"product_tag":[276,275],"aioseo_notices":[],"uagb_featured_image_src":{"full":["https:\/\/editora.uea.edu.br\/wp-content\/uploads\/2024\/01\/WhatsApp-Image-2024-01-11-at-11.21.57.jpeg",650,919,false],"thumbnail":["https:\/\/editora.uea.edu.br\/wp-content\/uploads\/2024\/01\/WhatsApp-Image-2024-01-11-at-11.21.57-150x150.jpeg",150,150,true],"medium":["https:\/\/editora.uea.edu.br\/wp-content\/uploads\/2024\/01\/WhatsApp-Image-2024-01-11-at-11.21.57-212x300.jpeg",212,300,true],"medium_large":["https:\/\/editora.uea.edu.br\/wp-content\/uploads\/2024\/01\/WhatsApp-Image-2024-01-11-at-11.21.57.jpeg",650,919,false],"large":["https:\/\/editora.uea.edu.br\/wp-content\/uploads\/2024\/01\/WhatsApp-Image-2024-01-11-at-11.21.57.jpeg",566,800,false],"1536x1536":["https:\/\/editora.uea.edu.br\/wp-content\/uploads\/2024\/01\/WhatsApp-Image-2024-01-11-at-11.21.57.jpeg",650,919,false],"2048x2048":["https:\/\/editora.uea.edu.br\/wp-content\/uploads\/2024\/01\/WhatsApp-Image-2024-01-11-at-11.21.57.jpeg",650,919,false],"codesigner-thumb":["https:\/\/editora.uea.edu.br\/wp-content\/uploads\/2024\/01\/WhatsApp-Image-2024-01-11-at-11.21.57-400x400.jpeg",400,400,true],"woocommerce_thumbnail":["https:\/\/editora.uea.edu.br\/wp-content\/uploads\/2024\/01\/WhatsApp-Image-2024-01-11-at-11.21.57-200x296.jpeg",200,296,true],"woocommerce_single":["https:\/\/editora.uea.edu.br\/wp-content\/uploads\/2024\/01\/WhatsApp-Image-2024-01-11-at-11.21.57-200x283.jpeg",200,283,true],"woocommerce_gallery_thumbnail":["https:\/\/editora.uea.edu.br\/wp-content\/uploads\/2024\/01\/WhatsApp-Image-2024-01-11-at-11.21.57-100x100.jpeg",100,100,true]},"uagb_author_info":{"display_name":"editora","author_link":"https:\/\/editora.uea.edu.br\/?author=0"},"uagb_comment_info":0,"uagb_excerpt":"Atrav\u00e9s de um contramovimento, a obra em vers\u00e3o impressa revela o processo de coloniza\u00e7\u00e3o e as neocoloniza\u00e7\u00f5es subsequentes at\u00e9 hoje. Apresenta tamb\u00e9m a cartografia social que emerge do povo, e as problem\u00e1ticas que se encontram na ampla regi\u00e3o amaz\u00f4nica. &nbsp; Como citar: PICOTTI, D.; ALMEIDA, A. W. B. (orgs.). De la Pan-Amazonia al R\u00edo de&hellip;","_links":{"self":[{"href":"https:\/\/editora.uea.edu.br\/index.php?rest_route=\/wp\/v2\/product\/803"}],"collection":[{"href":"https:\/\/editora.uea.edu.br\/index.php?rest_route=\/wp\/v2\/product"}],"about":[{"href":"https:\/\/editora.uea.edu.br\/index.php?rest_route=\/wp\/v2\/types\/product"}],"replies":[{"embeddable":true,"href":"https:\/\/editora.uea.edu.br\/index.php?rest_route=%2Fwp%2Fv2%2Fcomments&post=803"}],"wp:featuredmedia":[{"embeddable":true,"href":"https:\/\/editora.uea.edu.br\/index.php?rest_route=\/wp\/v2\/media\/804"}],"wp:attachment":[{"href":"https:\/\/editora.uea.edu.br\/index.php?rest_route=%2Fwp%2Fv2%2Fmedia&parent=803"}],"wp:term":[{"taxonomy":"product_cat","embeddable":true,"href":"https:\/\/editora.uea.edu.br\/index.php?rest_route=%2Fwp%2Fv2%2Fproduct_cat&post=803"},{"taxonomy":"product_tag","embeddable":true,"href":"https:\/\/editora.uea.edu.br\/index.php?rest_route=%2Fwp%2Fv2%2Fproduct_tag&post=803"}],"curies":[{"name":"wp","href":"https:\/\/api.w.org\/{rel}","templated":true}]}}