{"id":589,"date":"2023-11-03T19:58:19","date_gmt":"2023-11-03T23:58:19","guid":{"rendered":"https:\/\/editora.uea.edu.br\/?post_type=product&#038;p=589"},"modified":"2025-07-24T12:01:09","modified_gmt":"2025-07-24T16:01:09","slug":"letramento-e-fracasso-escolar-o-ensino-da-lingua-materna","status":"publish","type":"product","link":"https:\/\/editora.uea.edu.br\/?product=letramento-e-fracasso-escolar-o-ensino-da-lingua-materna","title":{"rendered":"Letramento e fracasso escolar: o ensino da l\u00edngua materna"},"content":{"rendered":"<p>Na obra em vers\u00e3o impressa, o leitor acompanhar\u00e1 a realiza\u00e7\u00e3o de uma pesquisa-a\u00e7\u00e3o feita com alunos da educa\u00e7\u00e3o b\u00e1sica com defasagem nos conte\u00fados de L\u00edngua Portuguesa. O livro ainda traz subs\u00eddios para o trabalho com a leitura, a produ\u00e7\u00e3o textual e a an\u00e1lise lingu\u00edstica.<\/p>\n<p>&nbsp;<\/p>\n<p><strong>Como citar<\/strong>:<\/p>\n<p>SILVA, W. R. <em>Letramento e fracasso escolar<\/em>: o ensino da l\u00edngua materna. Manaus: UEA Edi\u00e7\u00f5es, 2012.<\/p>\n<p>&nbsp;<\/p>\n<p>&nbsp;<\/p>\n","protected":false},"excerpt":{"rendered":"<p>Na obra em vers\u00e3o impressa, o leitor acompanhar\u00e1 a realiza\u00e7\u00e3o de uma pesquisa-a\u00e7\u00e3o feita com alunos da educa\u00e7\u00e3o b\u00e1sica com defasagem nos conte\u00fados de L\u00edngua Portuguesa. O livro ainda traz subs\u00eddios para o trabalho com a leitura, a produ\u00e7\u00e3o textual e a an\u00e1lise lingu\u00edstica. &nbsp; Como citar: SILVA, W. R. Letramento e fracasso escolar: o [&hellip;]<\/p>\n","protected":false},"featured_media":773,"comment_status":"open","ping_status":"closed","template":"","meta":{"om_disable_all_campaigns":false,"_uag_custom_page_level_css":"","_monsterinsights_skip_tracking":false,"_monsterinsights_sitenote_active":false,"_monsterinsights_sitenote_note":"","_monsterinsights_sitenote_category":0,"site-sidebar-layout":"default","site-content-layout":"","ast-site-content-layout":"default","site-content-style":"default","site-sidebar-style":"default","ast-global-header-display":"","ast-banner-title-visibility":"","ast-main-header-display":"","ast-hfb-above-header-display":"","ast-hfb-below-header-display":"","ast-hfb-mobile-header-display":"","site-post-title":"","ast-breadcrumbs-content":"","ast-featured-img":"","footer-sml-layout":"","theme-transparent-header-meta":"default","adv-header-id-meta":"","stick-header-meta":"","header-above-stick-meta":"","header-main-stick-meta":"","header-below-stick-meta":"","astra-migrate-meta-layouts":"set","ast-page-background-enabled":"default","ast-page-background-meta":{"desktop":{"background-color":"var(--ast-global-color-4)","background-image":"","background-repeat":"repeat","background-position":"center center","background-size":"auto","background-attachment":"scroll","background-type":"","background-media":"","overlay-type":"","overlay-color":"","overlay-gradient":""},"tablet":{"background-color":"","background-image":"","background-repeat":"repeat","background-position":"center center","background-size":"auto","background-attachment":"scroll","background-type":"","background-media":"","overlay-type":"","overlay-color":"","overlay-gradient":""},"mobile":{"background-color":"","background-image":"","background-repeat":"repeat","background-position":"center center","background-size":"auto","background-attachment":"scroll","background-type":"","background-media":"","overlay-type":"","overlay-color":"","overlay-gradient":""}},"ast-content-background-meta":{"desktop":{"background-color":"var(--ast-global-color-5)","background-image":"","background-repeat":"repeat","background-position":"center center","background-size":"auto","background-attachment":"scroll","background-type":"","background-media":"","overlay-type":"","overlay-color":"","overlay-gradient":""},"tablet":{"background-color":"var(--ast-global-color-5)","background-image":"","background-repeat":"repeat","background-position":"center center","background-size":"auto","background-attachment":"scroll","background-type":"","background-media":"","overlay-type":"","overlay-color":"","overlay-gradient":""},"mobile":{"background-color":"var(--ast-global-color-5)","background-image":"","background-repeat":"repeat","background-position":"center center","background-size":"auto","background-attachment":"scroll","background-type":"","background-media":"","overlay-type":"","overlay-color":"","overlay-gradient":""}},"_themeisle_gutenberg_block_has_review":false},"product_cat":[40,73],"product_tag":[240],"aioseo_notices":[],"uagb_featured_image_src":{"full":["https:\/\/editora.uea.edu.br\/wp-content\/uploads\/2023\/11\/letramento-e-fracasso-escolar-scaled.jpg",1516,2560,false],"thumbnail":["https:\/\/editora.uea.edu.br\/wp-content\/uploads\/2023\/11\/letramento-e-fracasso-escolar-150x150.jpg",150,150,true],"medium":["https:\/\/editora.uea.edu.br\/wp-content\/uploads\/2023\/11\/letramento-e-fracasso-escolar-178x300.jpg",178,300,true],"medium_large":["https:\/\/editora.uea.edu.br\/wp-content\/uploads\/2023\/11\/letramento-e-fracasso-escolar-768x1297.jpg",768,1297,true],"large":["https:\/\/editora.uea.edu.br\/wp-content\/uploads\/2023\/11\/letramento-e-fracasso-escolar-606x1024.jpg",473,800,true],"1536x1536":["https:\/\/editora.uea.edu.br\/wp-content\/uploads\/2023\/11\/letramento-e-fracasso-escolar-910x1536.jpg",910,1536,true],"2048x2048":["https:\/\/editora.uea.edu.br\/wp-content\/uploads\/2023\/11\/letramento-e-fracasso-escolar-1213x2048.jpg",1213,2048,true],"codesigner-thumb":["https:\/\/editora.uea.edu.br\/wp-content\/uploads\/2023\/11\/letramento-e-fracasso-escolar-400x400.jpg",400,400,true],"woocommerce_thumbnail":["https:\/\/editora.uea.edu.br\/wp-content\/uploads\/2023\/11\/letramento-e-fracasso-escolar-scaled-200x296.jpg",200,296,true],"woocommerce_single":["https:\/\/editora.uea.edu.br\/wp-content\/uploads\/2023\/11\/letramento-e-fracasso-escolar-scaled-200x338.jpg",200,338,true],"woocommerce_gallery_thumbnail":["https:\/\/editora.uea.edu.br\/wp-content\/uploads\/2023\/11\/letramento-e-fracasso-escolar-scaled-100x100.jpg",100,100,true]},"uagb_author_info":{"display_name":"editora","author_link":"https:\/\/editora.uea.edu.br\/?author=0"},"uagb_comment_info":0,"uagb_excerpt":"Na obra em vers\u00e3o impressa, o leitor acompanhar\u00e1 a realiza\u00e7\u00e3o de uma pesquisa-a\u00e7\u00e3o feita com alunos da educa\u00e7\u00e3o b\u00e1sica com defasagem nos conte\u00fados de L\u00edngua Portuguesa. O livro ainda traz subs\u00eddios para o trabalho com a leitura, a produ\u00e7\u00e3o textual e a an\u00e1lise lingu\u00edstica. &nbsp; Como citar: SILVA, W. R. Letramento e fracasso escolar: o&hellip;","_links":{"self":[{"href":"https:\/\/editora.uea.edu.br\/index.php?rest_route=\/wp\/v2\/product\/589"}],"collection":[{"href":"https:\/\/editora.uea.edu.br\/index.php?rest_route=\/wp\/v2\/product"}],"about":[{"href":"https:\/\/editora.uea.edu.br\/index.php?rest_route=\/wp\/v2\/types\/product"}],"replies":[{"embeddable":true,"href":"https:\/\/editora.uea.edu.br\/index.php?rest_route=%2Fwp%2Fv2%2Fcomments&post=589"}],"wp:featuredmedia":[{"embeddable":true,"href":"https:\/\/editora.uea.edu.br\/index.php?rest_route=\/wp\/v2\/media\/773"}],"wp:attachment":[{"href":"https:\/\/editora.uea.edu.br\/index.php?rest_route=%2Fwp%2Fv2%2Fmedia&parent=589"}],"wp:term":[{"taxonomy":"product_cat","embeddable":true,"href":"https:\/\/editora.uea.edu.br\/index.php?rest_route=%2Fwp%2Fv2%2Fproduct_cat&post=589"},{"taxonomy":"product_tag","embeddable":true,"href":"https:\/\/editora.uea.edu.br\/index.php?rest_route=%2Fwp%2Fv2%2Fproduct_tag&post=589"}],"curies":[{"name":"wp","href":"https:\/\/api.w.org\/{rel}","templated":true}]}}