{"id":573,"date":"2023-11-03T18:00:09","date_gmt":"2023-11-03T22:00:09","guid":{"rendered":"https:\/\/editora.uea.edu.br\/?post_type=product&#038;p=573"},"modified":"2025-07-24T11:57:31","modified_gmt":"2025-07-24T15:57:31","slug":"arquipelago-continuo-literaturas-plurais","status":"publish","type":"product","link":"https:\/\/editora.uea.edu.br\/?product=arquipelago-continuo-literaturas-plurais","title":{"rendered":"Arquip\u00e9lago cont\u00ednuo: literaturas plurais"},"content":{"rendered":"<p style=\"text-align: left;\">A obra, em vers\u00e3o impressa,\u00a0 de autoria coletiva colabora com a fortuna cr\u00edtica de textos estranhos ao c\u00e2none, aludindo \u00e0 problem\u00e1tica da representa\u00e7\u00e3o: a margem tratando da margem, a periferia em profus\u00e3o autof\u00e1gica, os sert\u00f5es do mundo lus\u00f3fono num di\u00e1logo entre periferias, uma periferia que pretende deslocar o centro, provocar novos olhares sobre textos privilegiados e construir um lugar tanto de cr\u00edtica quanto de mercado.<\/p>\n<p>&nbsp;<\/p>\n<p style=\"text-align: left;\"><strong>Como citar<\/strong>:<\/p>\n<p style=\"text-align: left;\">RIOS, O. (org.). <em>Arquip\u00e9lago cont\u00ednuo<\/em>: literaturas plurais. Manaus: UEA Edi\u00e7\u00f5es, 2011.<\/p>\n","protected":false},"excerpt":{"rendered":"<p>A obra, em vers\u00e3o impressa,\u00a0 de autoria coletiva colabora com a fortuna cr\u00edtica de textos estranhos ao c\u00e2none, aludindo \u00e0 problem\u00e1tica da representa\u00e7\u00e3o: a margem tratando da margem, a periferia em profus\u00e3o autof\u00e1gica, os sert\u00f5es do mundo lus\u00f3fono num di\u00e1logo entre periferias, uma periferia que pretende deslocar o centro, provocar novos olhares sobre textos privilegiados [&hellip;]<\/p>\n","protected":false},"featured_media":769,"comment_status":"open","ping_status":"closed","template":"","meta":{"om_disable_all_campaigns":false,"_uag_custom_page_level_css":"","_monsterinsights_skip_tracking":false,"_monsterinsights_sitenote_active":false,"_monsterinsights_sitenote_note":"","_monsterinsights_sitenote_category":0,"site-sidebar-layout":"default","site-content-layout":"","ast-site-content-layout":"default","site-content-style":"default","site-sidebar-style":"default","ast-global-header-display":"","ast-banner-title-visibility":"","ast-main-header-display":"","ast-hfb-above-header-display":"","ast-hfb-below-header-display":"","ast-hfb-mobile-header-display":"","site-post-title":"","ast-breadcrumbs-content":"","ast-featured-img":"","footer-sml-layout":"","theme-transparent-header-meta":"default","adv-header-id-meta":"","stick-header-meta":"","header-above-stick-meta":"","header-main-stick-meta":"","header-below-stick-meta":"","astra-migrate-meta-layouts":"set","ast-page-background-enabled":"default","ast-page-background-meta":{"desktop":{"background-color":"var(--ast-global-color-4)","background-image":"","background-repeat":"repeat","background-position":"center center","background-size":"auto","background-attachment":"scroll","background-type":"","background-media":"","overlay-type":"","overlay-color":"","overlay-gradient":""},"tablet":{"background-color":"","background-image":"","background-repeat":"repeat","background-position":"center center","background-size":"auto","background-attachment":"scroll","background-type":"","background-media":"","overlay-type":"","overlay-color":"","overlay-gradient":""},"mobile":{"background-color":"","background-image":"","background-repeat":"repeat","background-position":"center center","background-size":"auto","background-attachment":"scroll","background-type":"","background-media":"","overlay-type":"","overlay-color":"","overlay-gradient":""}},"ast-content-background-meta":{"desktop":{"background-color":"var(--ast-global-color-5)","background-image":"","background-repeat":"repeat","background-position":"center center","background-size":"auto","background-attachment":"scroll","background-type":"","background-media":"","overlay-type":"","overlay-color":"","overlay-gradient":""},"tablet":{"background-color":"var(--ast-global-color-5)","background-image":"","background-repeat":"repeat","background-position":"center center","background-size":"auto","background-attachment":"scroll","background-type":"","background-media":"","overlay-type":"","overlay-color":"","overlay-gradient":""},"mobile":{"background-color":"var(--ast-global-color-5)","background-image":"","background-repeat":"repeat","background-position":"center center","background-size":"auto","background-attachment":"scroll","background-type":"","background-media":"","overlay-type":"","overlay-color":"","overlay-gradient":""}},"_themeisle_gutenberg_block_has_review":false},"product_cat":[97,233,20],"product_tag":[238],"aioseo_notices":[],"uagb_featured_image_src":{"full":["https:\/\/editora.uea.edu.br\/wp-content\/uploads\/2023\/11\/WhatsApp-Image-2024-01-10-at-10.41.23.jpeg",397,522,false],"thumbnail":["https:\/\/editora.uea.edu.br\/wp-content\/uploads\/2023\/11\/WhatsApp-Image-2024-01-10-at-10.41.23-150x150.jpeg",150,150,true],"medium":["https:\/\/editora.uea.edu.br\/wp-content\/uploads\/2023\/11\/WhatsApp-Image-2024-01-10-at-10.41.23-228x300.jpeg",228,300,true],"medium_large":["https:\/\/editora.uea.edu.br\/wp-content\/uploads\/2023\/11\/WhatsApp-Image-2024-01-10-at-10.41.23.jpeg",397,522,false],"large":["https:\/\/editora.uea.edu.br\/wp-content\/uploads\/2023\/11\/WhatsApp-Image-2024-01-10-at-10.41.23.jpeg",397,522,false],"1536x1536":["https:\/\/editora.uea.edu.br\/wp-content\/uploads\/2023\/11\/WhatsApp-Image-2024-01-10-at-10.41.23.jpeg",397,522,false],"2048x2048":["https:\/\/editora.uea.edu.br\/wp-content\/uploads\/2023\/11\/WhatsApp-Image-2024-01-10-at-10.41.23.jpeg",397,522,false],"codesigner-thumb":["https:\/\/editora.uea.edu.br\/wp-content\/uploads\/2023\/11\/WhatsApp-Image-2024-01-10-at-10.41.23-397x400.jpeg",397,400,true],"woocommerce_thumbnail":["https:\/\/editora.uea.edu.br\/wp-content\/uploads\/2023\/11\/WhatsApp-Image-2024-01-10-at-10.41.23-200x296.jpeg",200,296,true],"woocommerce_single":["https:\/\/editora.uea.edu.br\/wp-content\/uploads\/2023\/11\/WhatsApp-Image-2024-01-10-at-10.41.23-200x263.jpeg",200,263,true],"woocommerce_gallery_thumbnail":["https:\/\/editora.uea.edu.br\/wp-content\/uploads\/2023\/11\/WhatsApp-Image-2024-01-10-at-10.41.23-100x100.jpeg",100,100,true]},"uagb_author_info":{"display_name":"editora","author_link":"https:\/\/editora.uea.edu.br\/?author=0"},"uagb_comment_info":0,"uagb_excerpt":"A obra, em vers\u00e3o impressa,\u00a0 de autoria coletiva colabora com a fortuna cr\u00edtica de textos estranhos ao c\u00e2none, aludindo \u00e0 problem\u00e1tica da representa\u00e7\u00e3o: a margem tratando da margem, a periferia em profus\u00e3o autof\u00e1gica, os sert\u00f5es do mundo lus\u00f3fono num di\u00e1logo entre periferias, uma periferia que pretende deslocar o centro, provocar novos olhares sobre textos privilegiados&hellip;","_links":{"self":[{"href":"https:\/\/editora.uea.edu.br\/index.php?rest_route=\/wp\/v2\/product\/573"}],"collection":[{"href":"https:\/\/editora.uea.edu.br\/index.php?rest_route=\/wp\/v2\/product"}],"about":[{"href":"https:\/\/editora.uea.edu.br\/index.php?rest_route=\/wp\/v2\/types\/product"}],"replies":[{"embeddable":true,"href":"https:\/\/editora.uea.edu.br\/index.php?rest_route=%2Fwp%2Fv2%2Fcomments&post=573"}],"wp:featuredmedia":[{"embeddable":true,"href":"https:\/\/editora.uea.edu.br\/index.php?rest_route=\/wp\/v2\/media\/769"}],"wp:attachment":[{"href":"https:\/\/editora.uea.edu.br\/index.php?rest_route=%2Fwp%2Fv2%2Fmedia&parent=573"}],"wp:term":[{"taxonomy":"product_cat","embeddable":true,"href":"https:\/\/editora.uea.edu.br\/index.php?rest_route=%2Fwp%2Fv2%2Fproduct_cat&post=573"},{"taxonomy":"product_tag","embeddable":true,"href":"https:\/\/editora.uea.edu.br\/index.php?rest_route=%2Fwp%2Fv2%2Fproduct_tag&post=573"}],"curies":[{"name":"wp","href":"https:\/\/api.w.org\/{rel}","templated":true}]}}