{"id":2335,"date":"2024-08-29T11:00:39","date_gmt":"2024-08-29T15:00:39","guid":{"rendered":"https:\/\/editora.uea.edu.br\/?post_type=product&#038;p=2335"},"modified":"2026-01-20T11:09:33","modified_gmt":"2026-01-20T15:09:33","slug":"politicas-publicas-no-brasil-reflexoes-contemporaneas","status":"publish","type":"product","link":"https:\/\/editora.uea.edu.br\/?product=politicas-publicas-no-brasil-reflexoes-contemporaneas","title":{"rendered":"Pol\u00edticas P\u00fablicas no Brasil: Reflex\u00f5es contempor\u00e2neas"},"content":{"rendered":"<p>O professor e gestor p\u00fablico da Universidade do Estado do Amazonas (UEA), Andr\u00e9 Zogahib, re\u00fane an\u00e1lises sobre a constru\u00e7\u00e3o e aplica\u00e7\u00e3o das pol\u00edticas p\u00fablicas no pa\u00eds, articulando sua experi\u00eancia acad\u00eamica e pr\u00e1tica na administra\u00e7\u00e3o p\u00fablica. A obra destaca aspectos essenciais da engrenagem estatal brasileira e amazonense, oferecendo uma vis\u00e3o humanizada e estrat\u00e9gica do fazer p\u00fablico. Voltado a estudantes, pesquisadores e gestores, o livro contribui para a literatura de planejamento administrativo e inspira novos caminhos e m\u00e9todos para a gest\u00e3o no servi\u00e7o p\u00fablico nacional e na Amaz\u00f4nia.<\/p>\n<p>&nbsp;<\/p>\n<p><strong>Como citar<\/strong>:<br \/>\nZOGAHIB, A. <em>Pol\u00edticas P\u00fablicas no Brasil<\/em>: reflex\u00f5es contempor\u00e2neas. 1. ed. Manaus: Editora UEA, 2024.<\/p>\n","protected":false},"excerpt":{"rendered":"<p>O professor e gestor p\u00fablico da Universidade do Estado do Amazonas (UEA), Andr\u00e9 Zogahib, re\u00fane an\u00e1lises sobre a constru\u00e7\u00e3o e aplica\u00e7\u00e3o das pol\u00edticas p\u00fablicas no pa\u00eds, articulando sua experi\u00eancia acad\u00eamica e pr\u00e1tica na administra\u00e7\u00e3o p\u00fablica. A obra destaca aspectos essenciais da engrenagem estatal brasileira e amazonense, oferecendo uma vis\u00e3o humanizada e estrat\u00e9gica do fazer p\u00fablico. [&hellip;]<\/p>\n","protected":false},"featured_media":2336,"comment_status":"open","ping_status":"closed","template":"","meta":{"om_disable_all_campaigns":false,"_uag_custom_page_level_css":"","_monsterinsights_skip_tracking":false,"_monsterinsights_sitenote_active":false,"_monsterinsights_sitenote_note":"","_monsterinsights_sitenote_category":0,"site-sidebar-layout":"default","site-content-layout":"","ast-site-content-layout":"default","site-content-style":"default","site-sidebar-style":"default","ast-global-header-display":"","ast-banner-title-visibility":"","ast-main-header-display":"","ast-hfb-above-header-display":"","ast-hfb-below-header-display":"","ast-hfb-mobile-header-display":"","site-post-title":"","ast-breadcrumbs-content":"","ast-featured-img":"","footer-sml-layout":"","theme-transparent-header-meta":"default","adv-header-id-meta":"","stick-header-meta":"","header-above-stick-meta":"","header-main-stick-meta":"","header-below-stick-meta":"","astra-migrate-meta-layouts":"set","ast-page-background-enabled":"default","ast-page-background-meta":{"desktop":{"background-color":"var(--ast-global-color-4)","background-image":"","background-repeat":"repeat","background-position":"center center","background-size":"auto","background-attachment":"scroll","background-type":"","background-media":"","overlay-type":"","overlay-color":"","overlay-gradient":""},"tablet":{"background-color":"","background-image":"","background-repeat":"repeat","background-position":"center center","background-size":"auto","background-attachment":"scroll","background-type":"","background-media":"","overlay-type":"","overlay-color":"","overlay-gradient":""},"mobile":{"background-color":"","background-image":"","background-repeat":"repeat","background-position":"center center","background-size":"auto","background-attachment":"scroll","background-type":"","background-media":"","overlay-type":"","overlay-color":"","overlay-gradient":""}},"ast-content-background-meta":{"desktop":{"background-color":"var(--ast-global-color-5)","background-image":"","background-repeat":"repeat","background-position":"center center","background-size":"auto","background-attachment":"scroll","background-type":"","background-media":"","overlay-type":"","overlay-color":"","overlay-gradient":""},"tablet":{"background-color":"var(--ast-global-color-5)","background-image":"","background-repeat":"repeat","background-position":"center center","background-size":"auto","background-attachment":"scroll","background-type":"","background-media":"","overlay-type":"","overlay-color":"","overlay-gradient":""},"mobile":{"background-color":"var(--ast-global-color-5)","background-image":"","background-repeat":"repeat","background-position":"center center","background-size":"auto","background-attachment":"scroll","background-type":"","background-media":"","overlay-type":"","overlay-color":"","overlay-gradient":""}},"_themeisle_gutenberg_block_has_review":false},"product_cat":[507],"product_tag":[562],"aioseo_notices":[],"uagb_featured_image_src":{"full":["https:\/\/editora.uea.edu.br\/wp-content\/uploads\/2026\/01\/Politicas-Publicas-CAPA.png",1769,2481,false],"thumbnail":["https:\/\/editora.uea.edu.br\/wp-content\/uploads\/2026\/01\/Politicas-Publicas-CAPA-150x150.png",150,150,true],"medium":["https:\/\/editora.uea.edu.br\/wp-content\/uploads\/2026\/01\/Politicas-Publicas-CAPA-214x300.png",214,300,true],"medium_large":["https:\/\/editora.uea.edu.br\/wp-content\/uploads\/2026\/01\/Politicas-Publicas-CAPA-768x1077.png",768,1077,true],"large":["https:\/\/editora.uea.edu.br\/wp-content\/uploads\/2026\/01\/Politicas-Publicas-CAPA-570x800.png",570,800,true],"1536x1536":["https:\/\/editora.uea.edu.br\/wp-content\/uploads\/2026\/01\/Politicas-Publicas-CAPA-1095x1536.png",1095,1536,true],"2048x2048":["https:\/\/editora.uea.edu.br\/wp-content\/uploads\/2026\/01\/Politicas-Publicas-CAPA-1460x2048.png",1460,2048,true],"codesigner-thumb":["https:\/\/editora.uea.edu.br\/wp-content\/uploads\/2026\/01\/Politicas-Publicas-CAPA-400x400.png",400,400,true],"woocommerce_thumbnail":["https:\/\/editora.uea.edu.br\/wp-content\/uploads\/2026\/01\/Politicas-Publicas-CAPA-200x296.png",200,296,true],"woocommerce_single":["https:\/\/editora.uea.edu.br\/wp-content\/uploads\/2026\/01\/Politicas-Publicas-CAPA-200x280.png",200,280,true],"woocommerce_gallery_thumbnail":["https:\/\/editora.uea.edu.br\/wp-content\/uploads\/2026\/01\/Politicas-Publicas-CAPA-100x100.png",100,100,true]},"uagb_author_info":{"display_name":"editora","author_link":"https:\/\/editora.uea.edu.br\/?author=0"},"uagb_comment_info":0,"uagb_excerpt":"O professor e gestor p\u00fablico da Universidade do Estado do Amazonas (UEA), Andr\u00e9 Zogahib, re\u00fane an\u00e1lises sobre a constru\u00e7\u00e3o e aplica\u00e7\u00e3o das pol\u00edticas p\u00fablicas no pa\u00eds, articulando sua experi\u00eancia acad\u00eamica e pr\u00e1tica na administra\u00e7\u00e3o p\u00fablica. A obra destaca aspectos essenciais da engrenagem estatal brasileira e amazonense, oferecendo uma vis\u00e3o humanizada e estrat\u00e9gica do fazer p\u00fablico.&hellip;","_links":{"self":[{"href":"https:\/\/editora.uea.edu.br\/index.php?rest_route=\/wp\/v2\/product\/2335"}],"collection":[{"href":"https:\/\/editora.uea.edu.br\/index.php?rest_route=\/wp\/v2\/product"}],"about":[{"href":"https:\/\/editora.uea.edu.br\/index.php?rest_route=\/wp\/v2\/types\/product"}],"replies":[{"embeddable":true,"href":"https:\/\/editora.uea.edu.br\/index.php?rest_route=%2Fwp%2Fv2%2Fcomments&post=2335"}],"wp:featuredmedia":[{"embeddable":true,"href":"https:\/\/editora.uea.edu.br\/index.php?rest_route=\/wp\/v2\/media\/2336"}],"wp:attachment":[{"href":"https:\/\/editora.uea.edu.br\/index.php?rest_route=%2Fwp%2Fv2%2Fmedia&parent=2335"}],"wp:term":[{"taxonomy":"product_cat","embeddable":true,"href":"https:\/\/editora.uea.edu.br\/index.php?rest_route=%2Fwp%2Fv2%2Fproduct_cat&post=2335"},{"taxonomy":"product_tag","embeddable":true,"href":"https:\/\/editora.uea.edu.br\/index.php?rest_route=%2Fwp%2Fv2%2Fproduct_tag&post=2335"}],"curies":[{"name":"wp","href":"https:\/\/api.w.org\/{rel}","templated":true}]}}