{"id":2310,"date":"2026-01-16T15:00:10","date_gmt":"2026-01-16T19:00:10","guid":{"rendered":"https:\/\/editora.uea.edu.br\/?post_type=product&#038;p=2310"},"modified":"2026-01-20T10:13:00","modified_gmt":"2026-01-20T14:13:00","slug":"caprichoso-o-livro-das-lendas","status":"publish","type":"product","link":"https:\/\/editora.uea.edu.br\/?product=caprichoso-o-livro-das-lendas","title":{"rendered":"Caprichoso: o livro das lendas"},"content":{"rendered":"<p>Integrando a cole\u00e7\u00e3o \u201cBumb\u00e1s de Parintins, nosso patrim\u00f4nio\u201d, a obra, viabilizada pelo CEDEM Caprichoso com apoio da Secretaria de Cultura e Economia Criativa, re\u00fane informa\u00e7\u00f5es e imagens que mostram como o imagin\u00e1rio amaz\u00f4nico, antes tratado como lenda no Festival Folcl\u00f3rico, ganhou novos sentidos e for\u00e7a, tornando-se um patrim\u00f4nio cultural vivo de Parintins e do M\u00e9dio Amazonas.<\/p>\n<p>&nbsp;<\/p>\n<p><strong>Como citar<\/strong>:<br \/>\nSILVEIRA, D. O.; RANGEL, T. R.; SENA, R. (orgs.). <em>Caprichoso<\/em>: o livro das lendas. 1. ed. Manaus: Editora UEA, 2025.<\/p>\n","protected":false},"excerpt":{"rendered":"<p>Integrando a cole\u00e7\u00e3o \u201cBumb\u00e1s de Parintins, nosso patrim\u00f4nio\u201d, a obra, viabilizada pelo CEDEM Caprichoso com apoio da Secretaria de Cultura e Economia Criativa, re\u00fane informa\u00e7\u00f5es e imagens que mostram como o imagin\u00e1rio amaz\u00f4nico, antes tratado como lenda no Festival Folcl\u00f3rico, ganhou novos sentidos e for\u00e7a, tornando-se um patrim\u00f4nio cultural vivo de Parintins e do M\u00e9dio [&hellip;]<\/p>\n","protected":false},"featured_media":2311,"comment_status":"open","ping_status":"closed","template":"","meta":{"om_disable_all_campaigns":false,"_uag_custom_page_level_css":"","_monsterinsights_skip_tracking":false,"_monsterinsights_sitenote_active":false,"_monsterinsights_sitenote_note":"","_monsterinsights_sitenote_category":0,"site-sidebar-layout":"default","site-content-layout":"","ast-site-content-layout":"default","site-content-style":"default","site-sidebar-style":"default","ast-global-header-display":"","ast-banner-title-visibility":"","ast-main-header-display":"","ast-hfb-above-header-display":"","ast-hfb-below-header-display":"","ast-hfb-mobile-header-display":"","site-post-title":"","ast-breadcrumbs-content":"","ast-featured-img":"","footer-sml-layout":"","theme-transparent-header-meta":"default","adv-header-id-meta":"","stick-header-meta":"","header-above-stick-meta":"","header-main-stick-meta":"","header-below-stick-meta":"","astra-migrate-meta-layouts":"set","ast-page-background-enabled":"default","ast-page-background-meta":{"desktop":{"background-color":"var(--ast-global-color-4)","background-image":"","background-repeat":"repeat","background-position":"center center","background-size":"auto","background-attachment":"scroll","background-type":"","background-media":"","overlay-type":"","overlay-color":"","overlay-gradient":""},"tablet":{"background-color":"","background-image":"","background-repeat":"repeat","background-position":"center center","background-size":"auto","background-attachment":"scroll","background-type":"","background-media":"","overlay-type":"","overlay-color":"","overlay-gradient":""},"mobile":{"background-color":"","background-image":"","background-repeat":"repeat","background-position":"center center","background-size":"auto","background-attachment":"scroll","background-type":"","background-media":"","overlay-type":"","overlay-color":"","overlay-gradient":""}},"ast-content-background-meta":{"desktop":{"background-color":"var(--ast-global-color-5)","background-image":"","background-repeat":"repeat","background-position":"center center","background-size":"auto","background-attachment":"scroll","background-type":"","background-media":"","overlay-type":"","overlay-color":"","overlay-gradient":""},"tablet":{"background-color":"var(--ast-global-color-5)","background-image":"","background-repeat":"repeat","background-position":"center center","background-size":"auto","background-attachment":"scroll","background-type":"","background-media":"","overlay-type":"","overlay-color":"","overlay-gradient":""},"mobile":{"background-color":"var(--ast-global-color-5)","background-image":"","background-repeat":"repeat","background-position":"center center","background-size":"auto","background-attachment":"scroll","background-type":"","background-media":"","overlay-type":"","overlay-color":"","overlay-gradient":""}},"_themeisle_gutenberg_block_has_review":false},"product_cat":[230,65],"product_tag":[269,446,525],"aioseo_notices":[],"uagb_featured_image_src":{"full":["https:\/\/editora.uea.edu.br\/wp-content\/uploads\/2026\/01\/O-livro-das-lendas-CAPA-scaled.jpg",2260,2560,false],"thumbnail":["https:\/\/editora.uea.edu.br\/wp-content\/uploads\/2026\/01\/O-livro-das-lendas-CAPA-150x150.jpg",150,150,true],"medium":["https:\/\/editora.uea.edu.br\/wp-content\/uploads\/2026\/01\/O-livro-das-lendas-CAPA-265x300.jpg",265,300,true],"medium_large":["https:\/\/editora.uea.edu.br\/wp-content\/uploads\/2026\/01\/O-livro-das-lendas-CAPA-768x870.jpg",768,870,true],"large":["https:\/\/editora.uea.edu.br\/wp-content\/uploads\/2026\/01\/O-livro-das-lendas-CAPA-706x800.jpg",706,800,true],"1536x1536":["https:\/\/editora.uea.edu.br\/wp-content\/uploads\/2026\/01\/O-livro-das-lendas-CAPA-1356x1536.jpg",1356,1536,true],"2048x2048":["https:\/\/editora.uea.edu.br\/wp-content\/uploads\/2026\/01\/O-livro-das-lendas-CAPA-1808x2048.jpg",1808,2048,true],"codesigner-thumb":["https:\/\/editora.uea.edu.br\/wp-content\/uploads\/2026\/01\/O-livro-das-lendas-CAPA-400x400.jpg",400,400,true],"woocommerce_thumbnail":["https:\/\/editora.uea.edu.br\/wp-content\/uploads\/2026\/01\/O-livro-das-lendas-CAPA-200x296.jpg",200,296,true],"woocommerce_single":["https:\/\/editora.uea.edu.br\/wp-content\/uploads\/2026\/01\/O-livro-das-lendas-CAPA-200x227.jpg",200,227,true],"woocommerce_gallery_thumbnail":["https:\/\/editora.uea.edu.br\/wp-content\/uploads\/2026\/01\/O-livro-das-lendas-CAPA-100x100.jpg",100,100,true]},"uagb_author_info":{"display_name":"editora","author_link":"https:\/\/editora.uea.edu.br\/?author=0"},"uagb_comment_info":0,"uagb_excerpt":"Integrando a cole\u00e7\u00e3o \u201cBumb\u00e1s de Parintins, nosso patrim\u00f4nio\u201d, a obra, viabilizada pelo CEDEM Caprichoso com apoio da Secretaria de Cultura e Economia Criativa, re\u00fane informa\u00e7\u00f5es e imagens que mostram como o imagin\u00e1rio amaz\u00f4nico, antes tratado como lenda no Festival Folcl\u00f3rico, ganhou novos sentidos e for\u00e7a, tornando-se um patrim\u00f4nio cultural vivo de Parintins e do M\u00e9dio&hellip;","_links":{"self":[{"href":"https:\/\/editora.uea.edu.br\/index.php?rest_route=\/wp\/v2\/product\/2310"}],"collection":[{"href":"https:\/\/editora.uea.edu.br\/index.php?rest_route=\/wp\/v2\/product"}],"about":[{"href":"https:\/\/editora.uea.edu.br\/index.php?rest_route=\/wp\/v2\/types\/product"}],"replies":[{"embeddable":true,"href":"https:\/\/editora.uea.edu.br\/index.php?rest_route=%2Fwp%2Fv2%2Fcomments&post=2310"}],"wp:featuredmedia":[{"embeddable":true,"href":"https:\/\/editora.uea.edu.br\/index.php?rest_route=\/wp\/v2\/media\/2311"}],"wp:attachment":[{"href":"https:\/\/editora.uea.edu.br\/index.php?rest_route=%2Fwp%2Fv2%2Fmedia&parent=2310"}],"wp:term":[{"taxonomy":"product_cat","embeddable":true,"href":"https:\/\/editora.uea.edu.br\/index.php?rest_route=%2Fwp%2Fv2%2Fproduct_cat&post=2310"},{"taxonomy":"product_tag","embeddable":true,"href":"https:\/\/editora.uea.edu.br\/index.php?rest_route=%2Fwp%2Fv2%2Fproduct_tag&post=2310"}],"curies":[{"name":"wp","href":"https:\/\/api.w.org\/{rel}","templated":true}]}}