{"id":1451,"date":"2024-02-06T08:40:27","date_gmt":"2024-02-06T12:40:27","guid":{"rendered":"https:\/\/editora.uea.edu.br\/?post_type=product&#038;p=1451"},"modified":"2025-07-24T11:04:45","modified_gmt":"2025-07-24T15:04:45","slug":"rivalidade-e-afeicao-ritual-e-brincadeira-no-bumba-de-parintins","status":"publish","type":"product","link":"https:\/\/editora.uea.edu.br\/?product=rivalidade-e-afeicao-ritual-e-brincadeira-no-bumba-de-parintins","title":{"rendered":"Rivalidade e afei\u00e7\u00e3o: ritual e brincadeira no bumb\u00e1 de Parintins"},"content":{"rendered":"<p><em>Rivalidade e Afei\u00e7\u00e3o <\/em>\u00e9 um extraordin\u00e1rio estudo socioantropol\u00f3gico do boi-bumb\u00e1 de Parintins, Amazonas. Narrando a trajet\u00f3ria dos bois Garantido e Caprichoso e como se deu a origem da rivalidade e a afei\u00e7\u00e3o entre os torcedores.<\/p>\n<p>&nbsp;<\/p>\n<p><strong>Como citar<\/strong>:<\/p>\n<p>CAVALCANTI, M. L. V. C. <em>Rivalidade e Afei\u00e7\u00e3o<\/em>: ritual e brincadeira no bumb\u00e1 de Parintins. Manaus: Editora UEA; Rio de Janeiro: Autografia, 2022.<\/p>\n","protected":false},"excerpt":{"rendered":"<p>Rivalidade e Afei\u00e7\u00e3o \u00e9 um extraordin\u00e1rio estudo socioantropol\u00f3gico do boi-bumb\u00e1 de Parintins, Amazonas. Narrando a trajet\u00f3ria dos bois Garantido e Caprichoso e como se deu a origem da rivalidade e a afei\u00e7\u00e3o entre os torcedores. &nbsp; Como citar: CAVALCANTI, M. L. V. C. Rivalidade e Afei\u00e7\u00e3o: ritual e brincadeira no bumb\u00e1 de Parintins. Manaus: Editora [&hellip;]<\/p>\n","protected":false},"featured_media":1452,"comment_status":"open","ping_status":"closed","template":"","meta":{"om_disable_all_campaigns":false,"_uag_custom_page_level_css":"","_monsterinsights_skip_tracking":false,"_monsterinsights_sitenote_active":false,"_monsterinsights_sitenote_note":"","_monsterinsights_sitenote_category":0,"site-sidebar-layout":"default","site-content-layout":"","ast-site-content-layout":"default","site-content-style":"default","site-sidebar-style":"default","ast-global-header-display":"","ast-banner-title-visibility":"","ast-main-header-display":"","ast-hfb-above-header-display":"","ast-hfb-below-header-display":"","ast-hfb-mobile-header-display":"","site-post-title":"","ast-breadcrumbs-content":"","ast-featured-img":"","footer-sml-layout":"","theme-transparent-header-meta":"default","adv-header-id-meta":"","stick-header-meta":"","header-above-stick-meta":"","header-main-stick-meta":"","header-below-stick-meta":"","astra-migrate-meta-layouts":"set","ast-page-background-enabled":"default","ast-page-background-meta":{"desktop":{"background-color":"var(--ast-global-color-4)","background-image":"","background-repeat":"repeat","background-position":"center center","background-size":"auto","background-attachment":"scroll","background-type":"","background-media":"","overlay-type":"","overlay-color":"","overlay-gradient":""},"tablet":{"background-color":"","background-image":"","background-repeat":"repeat","background-position":"center center","background-size":"auto","background-attachment":"scroll","background-type":"","background-media":"","overlay-type":"","overlay-color":"","overlay-gradient":""},"mobile":{"background-color":"","background-image":"","background-repeat":"repeat","background-position":"center center","background-size":"auto","background-attachment":"scroll","background-type":"","background-media":"","overlay-type":"","overlay-color":"","overlay-gradient":""}},"ast-content-background-meta":{"desktop":{"background-color":"var(--ast-global-color-5)","background-image":"","background-repeat":"repeat","background-position":"center center","background-size":"auto","background-attachment":"scroll","background-type":"","background-media":"","overlay-type":"","overlay-color":"","overlay-gradient":""},"tablet":{"background-color":"var(--ast-global-color-5)","background-image":"","background-repeat":"repeat","background-position":"center center","background-size":"auto","background-attachment":"scroll","background-type":"","background-media":"","overlay-type":"","overlay-color":"","overlay-gradient":""},"mobile":{"background-color":"var(--ast-global-color-5)","background-image":"","background-repeat":"repeat","background-position":"center center","background-size":"auto","background-attachment":"scroll","background-type":"","background-media":"","overlay-type":"","overlay-color":"","overlay-gradient":""}},"_themeisle_gutenberg_block_has_review":false},"product_cat":[230,114,171],"product_tag":[409],"aioseo_notices":[],"uagb_featured_image_src":{"full":["https:\/\/editora.uea.edu.br\/wp-content\/uploads\/2024\/02\/capa-rivalidadeeafeicao-frente-6.jpg",595,673,false],"thumbnail":["https:\/\/editora.uea.edu.br\/wp-content\/uploads\/2024\/02\/capa-rivalidadeeafeicao-frente-6-150x150.jpg",150,150,true],"medium":["https:\/\/editora.uea.edu.br\/wp-content\/uploads\/2024\/02\/capa-rivalidadeeafeicao-frente-6-265x300.jpg",265,300,true],"medium_large":["https:\/\/editora.uea.edu.br\/wp-content\/uploads\/2024\/02\/capa-rivalidadeeafeicao-frente-6.jpg",595,673,false],"large":["https:\/\/editora.uea.edu.br\/wp-content\/uploads\/2024\/02\/capa-rivalidadeeafeicao-frente-6.jpg",595,673,false],"1536x1536":["https:\/\/editora.uea.edu.br\/wp-content\/uploads\/2024\/02\/capa-rivalidadeeafeicao-frente-6.jpg",595,673,false],"2048x2048":["https:\/\/editora.uea.edu.br\/wp-content\/uploads\/2024\/02\/capa-rivalidadeeafeicao-frente-6.jpg",595,673,false],"codesigner-thumb":["https:\/\/editora.uea.edu.br\/wp-content\/uploads\/2024\/02\/capa-rivalidadeeafeicao-frente-6-400x400.jpg",400,400,true],"woocommerce_thumbnail":["https:\/\/editora.uea.edu.br\/wp-content\/uploads\/2024\/02\/capa-rivalidadeeafeicao-frente-6-200x296.jpg",200,296,true],"woocommerce_single":["https:\/\/editora.uea.edu.br\/wp-content\/uploads\/2024\/02\/capa-rivalidadeeafeicao-frente-6-200x226.jpg",200,226,true],"woocommerce_gallery_thumbnail":["https:\/\/editora.uea.edu.br\/wp-content\/uploads\/2024\/02\/capa-rivalidadeeafeicao-frente-6-100x100.jpg",100,100,true]},"uagb_author_info":{"display_name":"editora","author_link":"https:\/\/editora.uea.edu.br\/?author=0"},"uagb_comment_info":0,"uagb_excerpt":"Rivalidade e Afei\u00e7\u00e3o \u00e9 um extraordin\u00e1rio estudo socioantropol\u00f3gico do boi-bumb\u00e1 de Parintins, Amazonas. Narrando a trajet\u00f3ria dos bois Garantido e Caprichoso e como se deu a origem da rivalidade e a afei\u00e7\u00e3o entre os torcedores. &nbsp; Como citar: CAVALCANTI, M. L. V. C. Rivalidade e Afei\u00e7\u00e3o: ritual e brincadeira no bumb\u00e1 de Parintins. Manaus: Editora&hellip;","_links":{"self":[{"href":"https:\/\/editora.uea.edu.br\/index.php?rest_route=\/wp\/v2\/product\/1451"}],"collection":[{"href":"https:\/\/editora.uea.edu.br\/index.php?rest_route=\/wp\/v2\/product"}],"about":[{"href":"https:\/\/editora.uea.edu.br\/index.php?rest_route=\/wp\/v2\/types\/product"}],"replies":[{"embeddable":true,"href":"https:\/\/editora.uea.edu.br\/index.php?rest_route=%2Fwp%2Fv2%2Fcomments&post=1451"}],"wp:featuredmedia":[{"embeddable":true,"href":"https:\/\/editora.uea.edu.br\/index.php?rest_route=\/wp\/v2\/media\/1452"}],"wp:attachment":[{"href":"https:\/\/editora.uea.edu.br\/index.php?rest_route=%2Fwp%2Fv2%2Fmedia&parent=1451"}],"wp:term":[{"taxonomy":"product_cat","embeddable":true,"href":"https:\/\/editora.uea.edu.br\/index.php?rest_route=%2Fwp%2Fv2%2Fproduct_cat&post=1451"},{"taxonomy":"product_tag","embeddable":true,"href":"https:\/\/editora.uea.edu.br\/index.php?rest_route=%2Fwp%2Fv2%2Fproduct_tag&post=1451"}],"curies":[{"name":"wp","href":"https:\/\/api.w.org\/{rel}","templated":true}]}}