{"id":1430,"date":"2024-02-06T01:05:47","date_gmt":"2024-02-06T05:05:47","guid":{"rendered":"https:\/\/editora.uea.edu.br\/?post_type=product&#038;p=1430"},"modified":"2025-07-23T17:37:47","modified_gmt":"2025-07-23T21:37:47","slug":"alternativas-inovadoras-para-o-ensino-de-ciencias-naturais-na-amazonia","status":"publish","type":"product","link":"https:\/\/editora.uea.edu.br\/?product=alternativas-inovadoras-para-o-ensino-de-ciencias-naturais-na-amazonia","title":{"rendered":"Alternativas inovadoras para o ensino de ci\u00eancias naturais na Amaz\u00f4nia"},"content":{"rendered":"<p>Este livro \u00e9 o resultado de v\u00e1rios projetos de pesquisa sobre educa\u00e7\u00e3o na Amaz\u00f4nia, em que se pensam alternativas inovadoras para o ensino de ci\u00eancias no Amazonas. Al\u00e9m disso, s\u00e3o discutidos os desafios e li\u00e7\u00f5es aprendidas a respeito do tema no Brasil e no M\u00e9xico<\/p>\n<p>&nbsp;<\/p>\n<p><strong>Como citar:<\/strong><\/p>\n<p>HAYEN, A. L. G. <em>et al<\/em>. (orgs.). <em>Alternativas inovadoras para o ensino de ci\u00eancias naturais na Amaz\u00f4nia<\/em>. Manaus: Editora UEA, 2022.<\/p>\n<p>&nbsp;<\/p>\n<p><strong>Dispon\u00edvel em<\/strong>:<\/p>\n<p><a href=\"https:\/\/ri.uea.edu.br\/handle\/riuea\/2527\">https:\/\/ri.uea.edu.br\/handle\/riuea\/2527<\/a><\/p>\n","protected":false},"excerpt":{"rendered":"<p>Este livro \u00e9 o resultado de v\u00e1rios projetos de pesquisa sobre educa\u00e7\u00e3o na Amaz\u00f4nia, em que se pensam alternativas inovadoras para o ensino de ci\u00eancias no Amazonas. Al\u00e9m disso, s\u00e3o discutidos os desafios e li\u00e7\u00f5es aprendidas a respeito do tema no Brasil e no M\u00e9xico &nbsp; Como citar: HAYEN, A. L. G. et al. (orgs.). [&hellip;]<\/p>\n","protected":false},"featured_media":1431,"comment_status":"open","ping_status":"closed","template":"","meta":{"om_disable_all_campaigns":false,"_uag_custom_page_level_css":"","_monsterinsights_skip_tracking":false,"_monsterinsights_sitenote_active":false,"_monsterinsights_sitenote_note":"","_monsterinsights_sitenote_category":0,"site-sidebar-layout":"default","site-content-layout":"","ast-site-content-layout":"default","site-content-style":"default","site-sidebar-style":"default","ast-global-header-display":"","ast-banner-title-visibility":"","ast-main-header-display":"","ast-hfb-above-header-display":"","ast-hfb-below-header-display":"","ast-hfb-mobile-header-display":"","site-post-title":"","ast-breadcrumbs-content":"","ast-featured-img":"","footer-sml-layout":"","theme-transparent-header-meta":"default","adv-header-id-meta":"","stick-header-meta":"","header-above-stick-meta":"","header-main-stick-meta":"","header-below-stick-meta":"","astra-migrate-meta-layouts":"set","ast-page-background-enabled":"default","ast-page-background-meta":{"desktop":{"background-color":"var(--ast-global-color-4)","background-image":"","background-repeat":"repeat","background-position":"center center","background-size":"auto","background-attachment":"scroll","background-type":"","background-media":"","overlay-type":"","overlay-color":"","overlay-gradient":""},"tablet":{"background-color":"","background-image":"","background-repeat":"repeat","background-position":"center center","background-size":"auto","background-attachment":"scroll","background-type":"","background-media":"","overlay-type":"","overlay-color":"","overlay-gradient":""},"mobile":{"background-color":"","background-image":"","background-repeat":"repeat","background-position":"center center","background-size":"auto","background-attachment":"scroll","background-type":"","background-media":"","overlay-type":"","overlay-color":"","overlay-gradient":""}},"ast-content-background-meta":{"desktop":{"background-color":"var(--ast-global-color-5)","background-image":"","background-repeat":"repeat","background-position":"center center","background-size":"auto","background-attachment":"scroll","background-type":"","background-media":"","overlay-type":"","overlay-color":"","overlay-gradient":""},"tablet":{"background-color":"var(--ast-global-color-5)","background-image":"","background-repeat":"repeat","background-position":"center center","background-size":"auto","background-attachment":"scroll","background-type":"","background-media":"","overlay-type":"","overlay-color":"","overlay-gradient":""},"mobile":{"background-color":"var(--ast-global-color-5)","background-image":"","background-repeat":"repeat","background-position":"center center","background-size":"auto","background-attachment":"scroll","background-type":"","background-media":"","overlay-type":"","overlay-color":"","overlay-gradient":""}},"_themeisle_gutenberg_block_has_review":false},"product_cat":[73,231],"product_tag":[405,406,407,408],"aioseo_notices":[],"uagb_featured_image_src":{"full":["https:\/\/editora.uea.edu.br\/wp-content\/uploads\/2024\/02\/Alternativas-inovadoras-para-o-ensino-de-ciencias-naturais-na-Amazonia.jpg",595,842,false],"thumbnail":["https:\/\/editora.uea.edu.br\/wp-content\/uploads\/2024\/02\/Alternativas-inovadoras-para-o-ensino-de-ciencias-naturais-na-Amazonia-150x150.jpg",150,150,true],"medium":["https:\/\/editora.uea.edu.br\/wp-content\/uploads\/2024\/02\/Alternativas-inovadoras-para-o-ensino-de-ciencias-naturais-na-Amazonia-212x300.jpg",212,300,true],"medium_large":["https:\/\/editora.uea.edu.br\/wp-content\/uploads\/2024\/02\/Alternativas-inovadoras-para-o-ensino-de-ciencias-naturais-na-Amazonia.jpg",595,842,false],"large":["https:\/\/editora.uea.edu.br\/wp-content\/uploads\/2024\/02\/Alternativas-inovadoras-para-o-ensino-de-ciencias-naturais-na-Amazonia-565x800.jpg",565,800,true],"1536x1536":["https:\/\/editora.uea.edu.br\/wp-content\/uploads\/2024\/02\/Alternativas-inovadoras-para-o-ensino-de-ciencias-naturais-na-Amazonia.jpg",595,842,false],"2048x2048":["https:\/\/editora.uea.edu.br\/wp-content\/uploads\/2024\/02\/Alternativas-inovadoras-para-o-ensino-de-ciencias-naturais-na-Amazonia.jpg",595,842,false],"codesigner-thumb":["https:\/\/editora.uea.edu.br\/wp-content\/uploads\/2024\/02\/Alternativas-inovadoras-para-o-ensino-de-ciencias-naturais-na-Amazonia-400x400.jpg",400,400,true],"woocommerce_thumbnail":["https:\/\/editora.uea.edu.br\/wp-content\/uploads\/2024\/02\/Alternativas-inovadoras-para-o-ensino-de-ciencias-naturais-na-Amazonia-200x296.jpg",200,296,true],"woocommerce_single":["https:\/\/editora.uea.edu.br\/wp-content\/uploads\/2024\/02\/Alternativas-inovadoras-para-o-ensino-de-ciencias-naturais-na-Amazonia-200x283.jpg",200,283,true],"woocommerce_gallery_thumbnail":["https:\/\/editora.uea.edu.br\/wp-content\/uploads\/2024\/02\/Alternativas-inovadoras-para-o-ensino-de-ciencias-naturais-na-Amazonia-100x100.jpg",100,100,true]},"uagb_author_info":{"display_name":"editora","author_link":"https:\/\/editora.uea.edu.br\/?author=0"},"uagb_comment_info":0,"uagb_excerpt":"Este livro \u00e9 o resultado de v\u00e1rios projetos de pesquisa sobre educa\u00e7\u00e3o na Amaz\u00f4nia, em que se pensam alternativas inovadoras para o ensino de ci\u00eancias no Amazonas. Al\u00e9m disso, s\u00e3o discutidos os desafios e li\u00e7\u00f5es aprendidas a respeito do tema no Brasil e no M\u00e9xico &nbsp; Como citar: HAYEN, A. L. G. et al. (orgs.).&hellip;","_links":{"self":[{"href":"https:\/\/editora.uea.edu.br\/index.php?rest_route=\/wp\/v2\/product\/1430"}],"collection":[{"href":"https:\/\/editora.uea.edu.br\/index.php?rest_route=\/wp\/v2\/product"}],"about":[{"href":"https:\/\/editora.uea.edu.br\/index.php?rest_route=\/wp\/v2\/types\/product"}],"replies":[{"embeddable":true,"href":"https:\/\/editora.uea.edu.br\/index.php?rest_route=%2Fwp%2Fv2%2Fcomments&post=1430"}],"wp:featuredmedia":[{"embeddable":true,"href":"https:\/\/editora.uea.edu.br\/index.php?rest_route=\/wp\/v2\/media\/1431"}],"wp:attachment":[{"href":"https:\/\/editora.uea.edu.br\/index.php?rest_route=%2Fwp%2Fv2%2Fmedia&parent=1430"}],"wp:term":[{"taxonomy":"product_cat","embeddable":true,"href":"https:\/\/editora.uea.edu.br\/index.php?rest_route=%2Fwp%2Fv2%2Fproduct_cat&post=1430"},{"taxonomy":"product_tag","embeddable":true,"href":"https:\/\/editora.uea.edu.br\/index.php?rest_route=%2Fwp%2Fv2%2Fproduct_tag&post=1430"}],"curies":[{"name":"wp","href":"https:\/\/api.w.org\/{rel}","templated":true}]}}