{"id":1910,"date":"2024-12-06T12:35:09","date_gmt":"2024-12-06T16:35:09","guid":{"rendered":"https:\/\/editora.uea.edu.br\/?page_id=1910"},"modified":"2025-01-17T09:35:11","modified_gmt":"2025-01-17T13:35:11","slug":"editais","status":"publish","type":"page","link":"https:\/\/editora.uea.edu.br\/?page_id=1910","title":{"rendered":"Edital do Fluxo Editorial"},"content":{"rendered":"\n<div class=\"wp-block-uagb-container uagb-block-69829b21 alignfull uagb-is-root-container\"><div class=\"uagb-container-inner-blocks-wrap\">\n<p>A Editora da Universidade do Estado do Amazonas comunica aos Servidores Docentes, T\u00e9cnicos e ao p\u00fablico externo que est\u00e3o abertas as inscri\u00e7\u00f5es para a sele\u00e7\u00e3o de originais para o <strong>Edital do Fluxo Editoral &#8211; 2025<\/strong>.<\/p>\n\n\n\n<div style=\"height:20px\" aria-hidden=\"true\" class=\"wp-block-spacer\"><\/div>\n\n\n\n<ol>\n<li><strong>Do objetivo:<\/strong><br>Est\u00e3o abertas as inscri\u00e7\u00f5es para o <strong>Edital do Fluxo Editorial &#8211; 2025<\/strong> para a sele\u00e7\u00e3o de originais em fluxo editorial para publica\u00e7\u00e3o de livros em formato inicialmente em e-book, cujo p\u00fablico-alvo s\u00e3o os Servidores Docentes, os T\u00e9cnicos Administrativos ativos na UEA e o p\u00fablico externo \u00e0 institui\u00e7\u00e3o.<br>.<\/li>\n\n\n\n<li><strong>Dos novos selos:<\/strong><br>O Edital 2025 apresenta os novos selos de publica\u00e7\u00e3o da Editora UEA, os quais s\u00e3o:<br>&#8211; editoraUEA \u2013 para obras cient\u00edficas<br>&#8211; waru\u00e1 \u2013 para obras de tradu\u00e7\u00e3o<br>&#8211; purandu \u2013 para obras did\u00e1ticas<br>&#8211; puirum \u2013 para anais; cadernos de resumos; relat\u00f3rios; guias; manuais; etc.<br>&#8211; pu\u00e7\u00e1 \u2013 para obras de parceria interinstitucionais;<br>&#8211; yp\u00fa \u2013 para obras liter\u00e1rias.<br>.<\/li>\n\n\n\n<li><strong>Das submiss\u00f5es<\/strong>:<br>&#8211; Encaminhar toda a documenta\u00e7\u00e3o relacionada \u00e0 submiss\u00e3o do original exclusivamente via protocolo virtual (SIGED);<br>&#8211; Toda a documenta\u00e7\u00e3o necess\u00e1ria consta no item 3 do Edital.<br>.<\/li>\n\n\n\n<li><strong>Da sele\u00e7\u00e3o de originais<\/strong>:<br>&#8211; O material deve seguir as normas da <strong>ABNT NBR 10520:2023<\/strong>;<br>&#8211; A obra inscrita deve ou pode conter os itens que constam no item <strong>3.2.4. <\/strong>do Edital;<br>&#8211; As inscri\u00e7\u00f5es deferidas ser\u00e3o disponibilizadas no portal da editora e dos sites oficiais da UEA; <br>&#8211; Os originais que n\u00e3o atenderem integralmente a este Edital, bem como aos seus anexos, ser\u00e3o desconsiderados, bem como as submiss\u00f5es extempor\u00e2neas.<br>.<\/li>\n\n\n\n<li><strong>Da publica\u00e7\u00e3o<\/strong>:<br>&#8211; Todos os originais somente ser\u00e3o publicados com o aval da Editora UEA mediante assinatura de Contrato de Edi\u00e7\u00e3o de Obra Bibliogr\u00e1fica a ser firmado entre a Editora UEA e o(s) autor(es), depois de verificada a inexist\u00eancia de pend\u00eancias;<br>&#8211; Os originais que contenham ilustra\u00e7\u00f5es, imagens, etc. dever\u00e3o ser acompanhados dos direitos de publica\u00e7\u00e3o das imagens ou de uma declara\u00e7\u00e3o do autor ou autores de que s\u00e3o leg\u00edtimos detentores dos direitos autorais, isentando a Editora UEA de qualquer \u00f4nus em rela\u00e7\u00e3o a elas; <br>&#8211; \u00c9 obrigat\u00f3ria a inclus\u00e3o da logomarca e expediente da Editora UEA em todas as obras aprovadas atrav\u00e9s do Edital;<br>&#8211; Em casos de descumprimento das normas estabelecidas, ser\u00e1 encaminhado o caso \u00e0 Procuradoria Jur\u00eddica da UEA para que se aplique as san\u00e7\u00f5es e processos administrativos.<br>.<\/li>\n\n\n\n<li><strong>Dos recursos financeiros<\/strong>:<br>O presente edital <strong>N\u00c3O<\/strong> prev\u00ea o uso de recursos pr\u00f3prios da Editora UEA.<br>.<\/li>\n\n\n\n<li><strong>Do calend\u00e1rio e do Cronograma<\/strong>:<br>&#8211; Divulga\u00e7\u00e3o e publica\u00e7\u00e3o do Edital: 17 de janeiro de 2025;<br>&#8211; Per\u00edodo de submiss\u00e3o: 17 de janeiro at\u00e9 14 de fevereiro de 2025;<br>&#8211; Homologa\u00e7\u00e3o das inscri\u00e7\u00f5es: 19 de fevereiro de 2025;<br>&#8211; Prazo para recurso: 2 dias corridos ap\u00f3s a homologa\u00e7\u00e3o;<br>&#8211; Resultados dos recursos: 2 dias \u00fateis ap\u00f3s o t\u00e9rmino do prazo recursal;<br>&#8211; An\u00e1lise de pareceristas <em>Ad hoc <\/em>para os demais selos, exceto selo puirum: 60 dias \u00fateis;<br>&#8211; An\u00e1lise e homologa\u00e7\u00e3o do resultado dos pareceres: 10 dias \u00fateis ap\u00f3s a homologa\u00e7\u00e3o do resultado;<br>&#8211; Divulga\u00e7\u00e3o do resultado: 2 dias \u00fateis ap\u00f3s a homologa\u00e7\u00e3o do resultado;<br>&#8211; Interposi\u00e7\u00e3o de recurso: 2 dias corridos ap\u00f3s a divulga\u00e7\u00e3o do resultado;<br>&#8211; Resultado das interposi\u00e7\u00f5es de recurso: 2 dias \u00fateis ap\u00f3s o in\u00edcio do prazo recursal;<br>&#8211; Resultado final: 2 dias \u00fateis ap\u00f3s o fim do resultado recursal;<br>.<\/li>\n\n\n\n<li><strong>Selo puirum<em>:<\/em><\/strong><br>&#8211; Homologa\u00e7\u00e3o do resultado para os inscritos no selo: 26 de fevereiro de 2025;<br>&#8211; Prazo para recurso: 2 dias corridos;<br>&#8211; Resultados do recurso: 2 dias \u00fateis ap\u00f3s o t\u00e9rmino recursal;<br>&#8211; Resultado final para os inscritos no selo: 7 de mar\u00e7o de 2025.<\/li>\n<\/ol>\n\n\n\n<div style=\"height:20px\" aria-hidden=\"true\" class=\"wp-block-spacer\"><\/div>\n\n\n\n<p>Manaus, 17 de janeiro de 2025<br><em>editora<\/em><strong>UEA<\/strong><\/p>\n\n\n\n<div style=\"height:20px\" aria-hidden=\"true\" class=\"wp-block-spacer\"><\/div>\n<\/div><\/div>\n\n\n\n<div class=\"wp-block-uagb-buttons uagb-buttons__outer-wrap uagb-btn__default-btn uagb-btn-tablet__default-btn uagb-btn-mobile__default-btn uagb-block-384646bf\"><div class=\"uagb-buttons__wrap uagb-buttons-layout-wrap\">\n<div class=\"wp-block-uagb-buttons-child uagb-buttons__outer-wrap uagb-block-bc9b81fd wp-block-button\"><div class=\"uagb-button__wrapper\"><a class=\"uagb-buttons-repeater wp-block-button__link\" href=\"https:\/\/selecao2.uea.edu.br\/?dest=info&amp;selecao=11265\" onclick=\"return true;\" rel=\"follow noopener\" target=\"_blank\"><span class=\"uagb-button__icon uagb-button__icon-position-before\"><svg xmlns=\"https:\/\/www.w3.org\/2000\/svg\" viewBox=\"0 0 448 512\"><path d=\"M438.6 278.6l-160 160C272.4 444.9 264.2 448 256 448s-16.38-3.125-22.62-9.375c-12.5-12.5-12.5-32.75 0-45.25L338.8 288H32C14.33 288 .0016 273.7 .0016 256S14.33 224 32 224h306.8l-105.4-105.4c-12.5-12.5-12.5-32.75 0-45.25s32.75-12.5 45.25 0l160 160C451.1 245.9 451.1 266.1 438.6 278.6z\"><\/path><\/svg><\/span><div class=\"uagb-button__link\">Edital do Fluxo Editorial<\/div><\/a><\/div><\/div>\n<\/div><\/div>\n\n\n\n<div style=\"height:50px\" aria-hidden=\"true\" class=\"wp-block-spacer\"><\/div>\n","protected":false},"excerpt":{"rendered":"<p>A Editora da Universidade do Estado do Amazonas comunica aos Servidores Docentes, T\u00e9cnicos e ao p\u00fablico externo que est\u00e3o abertas as inscri\u00e7\u00f5es para a sele\u00e7\u00e3o de originais para o Edital do Fluxo Editoral &#8211; 2025. Manaus, 17 de janeiro de 2025editoraUEA<\/p>\n","protected":false},"author":1,"featured_media":0,"parent":0,"menu_order":0,"comment_status":"closed","ping_status":"closed","template":"","meta":{"om_disable_all_campaigns":false,"_uag_custom_page_level_css":"","_monsterinsights_skip_tracking":false,"_monsterinsights_sitenote_active":false,"_monsterinsights_sitenote_note":"","_monsterinsights_sitenote_category":0,"site-sidebar-layout":"default","site-content-layout":"","ast-site-content-layout":"default","site-content-style":"default","site-sidebar-style":"default","ast-global-header-display":"","ast-banner-title-visibility":"","ast-main-header-display":"","ast-hfb-above-header-display":"","ast-hfb-below-header-display":"","ast-hfb-mobile-header-display":"","site-post-title":"disabled","ast-breadcrumbs-content":"","ast-featured-img":"","footer-sml-layout":"","theme-transparent-header-meta":"","adv-header-id-meta":"","stick-header-meta":"","header-above-stick-meta":"","header-main-stick-meta":"","header-below-stick-meta":"","astra-migrate-meta-layouts":"set","ast-page-background-enabled":"default","ast-page-background-meta":{"desktop":{"background-color":"var(--ast-global-color-4)","background-image":"","background-repeat":"repeat","background-position":"center center","background-size":"auto","background-attachment":"scroll","background-type":"","background-media":"","overlay-type":"","overlay-color":"","overlay-gradient":""},"tablet":{"background-color":"","background-image":"","background-repeat":"repeat","background-position":"center center","background-size":"auto","background-attachment":"scroll","background-type":"","background-media":"","overlay-type":"","overlay-color":"","overlay-gradient":""},"mobile":{"background-color":"","background-image":"","background-repeat":"repeat","background-position":"center center","background-size":"auto","background-attachment":"scroll","background-type":"","background-media":"","overlay-type":"","overlay-color":"","overlay-gradient":""}},"ast-content-background-meta":{"desktop":{"background-color":"var(--ast-global-color-5)","background-image":"","background-repeat":"repeat","background-position":"center center","background-size":"auto","background-attachment":"scroll","background-type":"","background-media":"","overlay-type":"","overlay-color":"","overlay-gradient":""},"tablet":{"background-color":"var(--ast-global-color-5)","background-image":"","background-repeat":"repeat","background-position":"center center","background-size":"auto","background-attachment":"scroll","background-type":"","background-media":"","overlay-type":"","overlay-color":"","overlay-gradient":""},"mobile":{"background-color":"var(--ast-global-color-5)","background-image":"","background-repeat":"repeat","background-position":"center center","background-size":"auto","background-attachment":"scroll","background-type":"","background-media":"","overlay-type":"","overlay-color":"","overlay-gradient":""}},"_themeisle_gutenberg_block_has_review":false,"footnotes":""},"aioseo_notices":[],"uagb_featured_image_src":{"full":false,"thumbnail":false,"medium":false,"medium_large":false,"large":false,"1536x1536":false,"2048x2048":false,"codesigner-thumb":false,"woocommerce_thumbnail":false,"woocommerce_single":false,"woocommerce_gallery_thumbnail":false},"uagb_author_info":{"display_name":"editora","author_link":"https:\/\/editora.uea.edu.br\/?author=1"},"uagb_comment_info":0,"uagb_excerpt":"A Editora da Universidade do Estado do Amazonas comunica aos Servidores Docentes, T\u00e9cnicos e ao p\u00fablico externo que est\u00e3o abertas as inscri\u00e7\u00f5es para a sele\u00e7\u00e3o de originais para o Edital do Fluxo Editoral &#8211; 2025. Manaus, 17 de janeiro de 2025editoraUEA","_links":{"self":[{"href":"https:\/\/editora.uea.edu.br\/index.php?rest_route=\/wp\/v2\/pages\/1910"}],"collection":[{"href":"https:\/\/editora.uea.edu.br\/index.php?rest_route=\/wp\/v2\/pages"}],"about":[{"href":"https:\/\/editora.uea.edu.br\/index.php?rest_route=\/wp\/v2\/types\/page"}],"author":[{"embeddable":true,"href":"https:\/\/editora.uea.edu.br\/index.php?rest_route=\/wp\/v2\/users\/1"}],"replies":[{"embeddable":true,"href":"https:\/\/editora.uea.edu.br\/index.php?rest_route=%2Fwp%2Fv2%2Fcomments&post=1910"}],"version-history":[{"count":27,"href":"https:\/\/editora.uea.edu.br\/index.php?rest_route=\/wp\/v2\/pages\/1910\/revisions"}],"predecessor-version":[{"id":2046,"href":"https:\/\/editora.uea.edu.br\/index.php?rest_route=\/wp\/v2\/pages\/1910\/revisions\/2046"}],"wp:attachment":[{"href":"https:\/\/editora.uea.edu.br\/index.php?rest_route=%2Fwp%2Fv2%2Fmedia&parent=1910"}],"curies":[{"name":"wp","href":"https:\/\/api.w.org\/{rel}","templated":true}]}}