{"id":1786,"date":"2024-12-05T16:26:08","date_gmt":"2024-12-05T20:26:08","guid":{"rendered":"https:\/\/editora.uea.edu.br\/?page_id=1786"},"modified":"2024-12-06T11:54:27","modified_gmt":"2024-12-06T15:54:27","slug":"selos","status":"publish","type":"page","link":"https:\/\/editora.uea.edu.br\/?page_id=1786","title":{"rendered":"Selos"},"content":{"rendered":"\n<div class=\"wp-block-columns is-layout-flex wp-container-core-columns-layout-1 wp-block-columns-is-layout-flex\">\n<div class=\"wp-block-column is-layout-flow wp-block-column-is-layout-flow\" style=\"flex-basis:33.33%\">\n<figure class=\"wp-block-image size-medium\" id=\"wp-block-themeisle-blocks-image-75b8f306\"><img decoding=\"async\" width=\"300\" height=\"141\" src=\"https:\/\/editora.uea.edu.br\/wp-content\/uploads\/2024\/12\/post-ap.-selos-15-5-300x141.png\" alt=\"\" class=\"wp-image-1890\" srcset=\"https:\/\/editora.uea.edu.br\/wp-content\/uploads\/2024\/12\/post-ap.-selos-15-5-300x141.png 300w, https:\/\/editora.uea.edu.br\/wp-content\/uploads\/2024\/12\/post-ap.-selos-15-5-800x376.png 800w, https:\/\/editora.uea.edu.br\/wp-content\/uploads\/2024\/12\/post-ap.-selos-15-5-768x361.png 768w, https:\/\/editora.uea.edu.br\/wp-content\/uploads\/2024\/12\/post-ap.-selos-15-5-1536x723.png 1536w, https:\/\/editora.uea.edu.br\/wp-content\/uploads\/2024\/12\/post-ap.-selos-15-5-200x94.png 200w, https:\/\/editora.uea.edu.br\/wp-content\/uploads\/2024\/12\/post-ap.-selos-15-5.png 1762w\" sizes=\"(max-width: 300px) 100vw, 300px\" \/><\/figure>\n<\/div>\n\n\n\n<div class=\"wp-block-column is-layout-flow wp-block-column-is-layout-flow\" style=\"padding-right:0;padding-left:0;flex-basis:66.66%\">\n<h2 class=\"wp-block-heading has-text-color\" style=\"color:#000000;font-size:32px\"><strong>Editora UEA<\/strong><\/h2>\n\n\n\n<p><strong>Selo dedicado \u00e0 publica\u00e7\u00e3o de obras acad\u00eamicas e cient\u00edficas<\/strong><\/p>\n\n\n\n<div style=\"height:16px\" aria-hidden=\"true\" class=\"wp-block-spacer\"><\/div>\n\n\n\n<p class=\"has-ast-global-color-2-color has-text-color has-link-color wp-elements-3b7c3b49ab8e79e28673fd5603071321\">A marca da <em>editora<\/em><strong>UEA<\/strong> \u00e9 baseada em uma peneira baniwa. A escolha do objeto para servir como ponto de partida para elabora\u00e7\u00e3o do elemento gr\u00e1fico que comp\u00f5e a marca, se deve \u00e0 semelhan\u00e7a do exerc\u00edcio da fun\u00e7\u00e3o do objeto, a de filtro, atuando para refinar a mat\u00e9ria prima que passa pelos tra\u00e7ados, com o trabalho de uma editora que realiza basicamente o mesmo processo ao transformar originais em livro.<\/p>\n<\/div>\n<\/div>\n\n\n\n<div class=\"wp-block-columns is-layout-flex wp-container-core-columns-layout-2 wp-block-columns-is-layout-flex\">\n<div class=\"wp-block-column is-layout-flow wp-block-column-is-layout-flow\" style=\"flex-basis:33.33%\">\n<figure class=\"wp-block-image size-medium\" id=\"wp-block-themeisle-blocks-image-2c04c9b1\"><img decoding=\"async\" width=\"300\" height=\"116\" src=\"https:\/\/editora.uea.edu.br\/wp-content\/uploads\/2024\/12\/post-ap.-selos-16-3-300x116.png\" alt=\"\" class=\"wp-image-1899\" srcset=\"https:\/\/editora.uea.edu.br\/wp-content\/uploads\/2024\/12\/post-ap.-selos-16-3-300x116.png 300w, https:\/\/editora.uea.edu.br\/wp-content\/uploads\/2024\/12\/post-ap.-selos-16-3-800x309.png 800w, https:\/\/editora.uea.edu.br\/wp-content\/uploads\/2024\/12\/post-ap.-selos-16-3-768x296.png 768w, https:\/\/editora.uea.edu.br\/wp-content\/uploads\/2024\/12\/post-ap.-selos-16-3-1536x593.png 1536w, https:\/\/editora.uea.edu.br\/wp-content\/uploads\/2024\/12\/post-ap.-selos-16-3-2048x790.png 2048w, https:\/\/editora.uea.edu.br\/wp-content\/uploads\/2024\/12\/post-ap.-selos-16-3-200x77.png 200w\" sizes=\"(max-width: 300px) 100vw, 300px\" \/><\/figure>\n<\/div>\n\n\n\n<div class=\"wp-block-column is-layout-flow wp-block-column-is-layout-flow\" style=\"padding-right:0;padding-left:0;flex-basis:66.66%\">\n<h2 class=\"wp-block-heading has-text-color\" style=\"color:#000000;font-size:32px\">Pu\u00e7\u00e1<\/h2>\n\n\n\n<p><strong><strong><strong><strong>Selo dedicado \u00e0 publica\u00e7\u00e3o a partir de parcerias interinstitucionais<\/strong><\/strong><\/strong><\/strong><\/p>\n\n\n\n<div style=\"height:16px\" aria-hidden=\"true\" class=\"wp-block-spacer\"><\/div>\n\n\n\n<p class=\"has-ast-global-color-2-color has-text-color has-link-color wp-elements-3e81a0e5de872169e7d33c875f8fc276\">Pu\u00e7\u00e1 \u00e9 um selo da <em>editora<\/em><strong>UEA<\/strong> dedicado \u00e0 publica\u00e7\u00e3o de obras a partir de parcerias interinstitucionais. <em>\u201cRede de pesca\u201d<\/em> em nheengatu, l\u00edngua geral amaz\u00f4nica, o pu\u00e7\u00e1 utilizado pelo ribeirinho amaz\u00f4nico exige um esfor\u00e7o em conjunto para ser atirado \u00e0s \u00e1guas do rio em busca de peixes, o que o torna uma refer\u00eancia para publica\u00e7\u00f5es interinstitucionais que conjugam o empenho de duas ou mais institui\u00e7\u00f5es.<\/p>\n<\/div>\n<\/div>\n\n\n\n<div class=\"wp-block-columns is-layout-flex wp-container-core-columns-layout-3 wp-block-columns-is-layout-flex\">\n<div class=\"wp-block-column is-layout-flow wp-block-column-is-layout-flow\" style=\"flex-basis:33.33%\">\n<figure class=\"wp-block-image size-medium\" id=\"wp-block-themeisle-blocks-image-520c0b57\"><img decoding=\"async\" width=\"300\" height=\"110\" src=\"https:\/\/editora.uea.edu.br\/wp-content\/uploads\/2024\/12\/post-ap.-selos-20-300x110.png\" alt=\"\" class=\"wp-image-1904\" srcset=\"https:\/\/editora.uea.edu.br\/wp-content\/uploads\/2024\/12\/post-ap.-selos-20-300x110.png 300w, https:\/\/editora.uea.edu.br\/wp-content\/uploads\/2024\/12\/post-ap.-selos-20-800x293.png 800w, https:\/\/editora.uea.edu.br\/wp-content\/uploads\/2024\/12\/post-ap.-selos-20-768x282.png 768w, https:\/\/editora.uea.edu.br\/wp-content\/uploads\/2024\/12\/post-ap.-selos-20-1536x563.png 1536w, https:\/\/editora.uea.edu.br\/wp-content\/uploads\/2024\/12\/post-ap.-selos-20-2048x751.png 2048w, https:\/\/editora.uea.edu.br\/wp-content\/uploads\/2024\/12\/post-ap.-selos-20-200x73.png 200w\" sizes=\"(max-width: 300px) 100vw, 300px\" \/><\/figure>\n<\/div>\n\n\n\n<div class=\"wp-block-column is-layout-flow wp-block-column-is-layout-flow\" style=\"padding-right:0;padding-left:0;flex-basis:66.66%\">\n<h2 class=\"wp-block-heading has-text-color\" style=\"color:#000000;font-size:32px\"><strong>Purandu<\/strong><\/h2>\n\n\n\n<p><strong><strong>Selo dedicado \u00e0 publica\u00e7\u00e3o de obras de car\u00e1ter did\u00e1tico<\/strong><\/strong><\/p>\n\n\n\n<div style=\"height:16px\" aria-hidden=\"true\" class=\"wp-block-spacer\"><\/div>\n\n\n\n<p class=\"has-ast-global-color-2-color has-text-color has-link-color wp-elements-13af74092d663013b49571ee5874805a\">Purandu \u00e9 um selo <em>editora<\/em><strong>UEA<\/strong> dedicado \u00e0 publica\u00e7\u00e3o de obras de car\u00e1ter did\u00e1tico. O mesmo que <em>\u201cperguntar\u201d <\/em>em nheengatu, l\u00edngua geral amaz\u00f4nica, a palavra purandu invoca um aspecto indispens\u00e1vel para o processo de aprendizagem: A busca pelo saber.<\/p>\n<\/div>\n<\/div>\n\n\n\n<div class=\"wp-block-columns is-layout-flex wp-container-core-columns-layout-4 wp-block-columns-is-layout-flex\">\n<div class=\"wp-block-column is-layout-flow wp-block-column-is-layout-flow\" style=\"flex-basis:33.33%\">\n<figure class=\"wp-block-image size-medium\" id=\"wp-block-themeisle-blocks-image-5d59a322\"><img loading=\"lazy\" decoding=\"async\" width=\"300\" height=\"94\" src=\"https:\/\/editora.uea.edu.br\/wp-content\/uploads\/2024\/12\/post-ap.-selos-17-1-300x94.png\" alt=\"\" class=\"wp-image-1903\" srcset=\"https:\/\/editora.uea.edu.br\/wp-content\/uploads\/2024\/12\/post-ap.-selos-17-1-300x94.png 300w, https:\/\/editora.uea.edu.br\/wp-content\/uploads\/2024\/12\/post-ap.-selos-17-1-800x249.png 800w, https:\/\/editora.uea.edu.br\/wp-content\/uploads\/2024\/12\/post-ap.-selos-17-1-768x239.png 768w, https:\/\/editora.uea.edu.br\/wp-content\/uploads\/2024\/12\/post-ap.-selos-17-1-1536x479.png 1536w, https:\/\/editora.uea.edu.br\/wp-content\/uploads\/2024\/12\/post-ap.-selos-17-1-2048x638.png 2048w, https:\/\/editora.uea.edu.br\/wp-content\/uploads\/2024\/12\/post-ap.-selos-17-1-200x62.png 200w\" sizes=\"(max-width: 300px) 100vw, 300px\" \/><\/figure>\n<\/div>\n\n\n\n<div class=\"wp-block-column is-layout-flow wp-block-column-is-layout-flow\" style=\"padding-right:0;padding-left:0;flex-basis:66.66%\">\n<h2 class=\"wp-block-heading has-text-color\" style=\"color:#000000;font-size:32px\"><strong>Puirum<\/strong><\/h2>\n\n\n\n<p><strong><strong>Selo dedicado \u00e0 publica\u00e7\u00e3o de obras resultantes de eventos acad\u00eamicos<\/strong><\/strong><\/p>\n\n\n\n<div style=\"height:16px\" aria-hidden=\"true\" class=\"wp-block-spacer\"><\/div>\n\n\n\n<p class=\"has-ast-global-color-2-color has-text-color has-link-color wp-elements-8053a66032e54a11787e7fa7707eacc5\">Puirum \u00e9 um selo da <em>editora<\/em><strong>UEA<\/strong> dedicado \u00e0 publica\u00e7\u00e3o de obras resultantes de eventos acad\u00eamicos. A palavra em nheengatu, l\u00edngua geral amaz\u00f4nica, puirim significa <em>\u201creuni\u00e3o para trabalho\u201d<\/em> e sintetiza o esfor\u00e7o produtivo de pesquisadores que se re\u00fanem para discutir e divulgar trabalhos.<\/p>\n<\/div>\n<\/div>\n\n\n\n<div class=\"wp-block-columns is-layout-flex wp-container-core-columns-layout-5 wp-block-columns-is-layout-flex\">\n<div class=\"wp-block-column is-layout-flow wp-block-column-is-layout-flow\" style=\"flex-basis:33.33%\">\n<figure class=\"wp-block-image size-medium\" id=\"wp-block-themeisle-blocks-image-2a9540fb\"><img loading=\"lazy\" decoding=\"async\" width=\"300\" height=\"92\" src=\"https:\/\/editora.uea.edu.br\/wp-content\/uploads\/2024\/12\/post-ap.-selos-18-300x92.png\" alt=\"\" class=\"wp-image-1901\" srcset=\"https:\/\/editora.uea.edu.br\/wp-content\/uploads\/2024\/12\/post-ap.-selos-18-300x92.png 300w, https:\/\/editora.uea.edu.br\/wp-content\/uploads\/2024\/12\/post-ap.-selos-18-800x245.png 800w, https:\/\/editora.uea.edu.br\/wp-content\/uploads\/2024\/12\/post-ap.-selos-18-768x235.png 768w, https:\/\/editora.uea.edu.br\/wp-content\/uploads\/2024\/12\/post-ap.-selos-18-1536x470.png 1536w, https:\/\/editora.uea.edu.br\/wp-content\/uploads\/2024\/12\/post-ap.-selos-18-200x61.png 200w, https:\/\/editora.uea.edu.br\/wp-content\/uploads\/2024\/12\/post-ap.-selos-18.png 2003w\" sizes=\"(max-width: 300px) 100vw, 300px\" \/><\/figure>\n<\/div>\n\n\n\n<div class=\"wp-block-column is-layout-flow wp-block-column-is-layout-flow\" style=\"padding-right:0;padding-left:0;flex-basis:66.66%\">\n<h2 class=\"wp-block-heading has-text-color\" style=\"color:#000000;font-size:32px\"><strong>Waru\u00e1<\/strong><\/h2>\n\n\n\n<p><strong><strong>Selo dedicado \u00e0 publica\u00e7\u00e3o de obras traduzidas<\/strong><\/strong><\/p>\n\n\n\n<div style=\"height:16px\" aria-hidden=\"true\" class=\"wp-block-spacer\"><\/div>\n\n\n\n<p class=\"has-ast-global-color-2-color has-text-color has-link-color wp-elements-f1414d32a473342eb9c4789b14abd825\">Wuaru\u00e1 \u00e9 um selo da <em>editora<\/em><strong>UEA <\/strong>dedicado a publica\u00e7\u00e3o de obras traduzidas. <em>\u201cEspelho\u201d<\/em>, em nheengatu, l\u00edngua geral amaz\u00f4nica, wuaru\u00e1 sintetiza a realiza\u00e7\u00e3o do trabalho de tradu\u00e7\u00e3o, que \u00e9 o de oferecer um reflexo mais pr\u00f3ximo poss\u00edvel de um texto em sua l\u00edngua original.<\/p>\n<\/div>\n<\/div>\n\n\n\n<div class=\"wp-block-columns is-layout-flex wp-container-core-columns-layout-6 wp-block-columns-is-layout-flex\">\n<div class=\"wp-block-column is-layout-flow wp-block-column-is-layout-flow\" style=\"flex-basis:33.33%\">\n<figure class=\"wp-block-image size-medium\" id=\"wp-block-themeisle-blocks-image-9b6a5af5\"><img loading=\"lazy\" decoding=\"async\" width=\"300\" height=\"156\" src=\"https:\/\/editora.uea.edu.br\/wp-content\/uploads\/2024\/12\/post-ap.-selos-19-300x156.png\" alt=\"\" class=\"wp-image-1900\" srcset=\"https:\/\/editora.uea.edu.br\/wp-content\/uploads\/2024\/12\/post-ap.-selos-19-300x156.png 300w, https:\/\/editora.uea.edu.br\/wp-content\/uploads\/2024\/12\/post-ap.-selos-19-800x416.png 800w, https:\/\/editora.uea.edu.br\/wp-content\/uploads\/2024\/12\/post-ap.-selos-19-768x399.png 768w, https:\/\/editora.uea.edu.br\/wp-content\/uploads\/2024\/12\/post-ap.-selos-19-1536x798.png 1536w, https:\/\/editora.uea.edu.br\/wp-content\/uploads\/2024\/12\/post-ap.-selos-19-200x104.png 200w, https:\/\/editora.uea.edu.br\/wp-content\/uploads\/2024\/12\/post-ap.-selos-19.png 1596w\" sizes=\"(max-width: 300px) 100vw, 300px\" \/><\/figure>\n<\/div>\n\n\n\n<div class=\"wp-block-column is-layout-flow wp-block-column-is-layout-flow\" style=\"padding-right:0;padding-left:0;flex-basis:66.66%\">\n<h2 class=\"wp-block-heading has-text-color\" style=\"color:#000000;font-size:32px\">Yp\u00fa<\/h2>\n\n\n\n<p><strong><strong>Selo dedicado \u00e0 publica\u00e7\u00e3o de obras liter\u00e1rias<\/strong><\/strong><\/p>\n\n\n\n<div style=\"height:16px\" aria-hidden=\"true\" class=\"wp-block-spacer\"><\/div>\n\n\n\n<p class=\"has-ast-global-color-2-color has-text-color has-link-color wp-elements-0ac139034439dfdb8813c860363c4079\">Yp\u00fa \u00e9 um selo da <em>editora<\/em><strong>UEA<\/strong> dedicado a obras liter\u00e1rias. A palavra em nheengatu, l\u00edngua geral amaz\u00f4nica, significa <em>\u201colho d\u2019\u00e1gua\u201d<\/em>. A nascente \u00e9 onde come\u00e7a a des\u00e1gua de um rio e simboliza o \u201cnascer\u201d art\u00edstico e liter\u00e1rio das publica\u00e7\u00f5es desde seu pr\u00f3logo at\u00e9 seu posf\u00e1cio.<\/p>\n<\/div>\n<\/div>\n","protected":false},"excerpt":{"rendered":"<p>Editora UEA Selo dedicado \u00e0 publica\u00e7\u00e3o de obras acad\u00eamicas e cient\u00edficas A marca da editoraUEA \u00e9 baseada em uma peneira baniwa. A escolha do objeto para servir como ponto de partida para elabora\u00e7\u00e3o do elemento gr\u00e1fico que comp\u00f5e a marca, se deve \u00e0 semelhan\u00e7a do exerc\u00edcio da fun\u00e7\u00e3o do objeto, a de filtro, atuando para [&hellip;]<\/p>\n","protected":false},"author":1,"featured_media":0,"parent":71,"menu_order":1,"comment_status":"closed","ping_status":"closed","template":"","meta":{"om_disable_all_campaigns":false,"_uag_custom_page_level_css":"","_monsterinsights_skip_tracking":false,"_monsterinsights_sitenote_active":false,"_monsterinsights_sitenote_note":"","_monsterinsights_sitenote_category":0,"site-sidebar-layout":"default","site-content-layout":"","ast-site-content-layout":"default","site-content-style":"default","site-sidebar-style":"default","ast-global-header-display":"","ast-banner-title-visibility":"","ast-main-header-display":"","ast-hfb-above-header-display":"","ast-hfb-below-header-display":"","ast-hfb-mobile-header-display":"","site-post-title":"disabled","ast-breadcrumbs-content":"","ast-featured-img":"","footer-sml-layout":"","theme-transparent-header-meta":"","adv-header-id-meta":"","stick-header-meta":"","header-above-stick-meta":"","header-main-stick-meta":"","header-below-stick-meta":"","astra-migrate-meta-layouts":"set","ast-page-background-enabled":"default","ast-page-background-meta":{"desktop":{"background-color":"var(--ast-global-color-4)","background-image":"","background-repeat":"repeat","background-position":"center center","background-size":"auto","background-attachment":"scroll","background-type":"","background-media":"","overlay-type":"","overlay-color":"","overlay-gradient":""},"tablet":{"background-color":"","background-image":"","background-repeat":"repeat","background-position":"center center","background-size":"auto","background-attachment":"scroll","background-type":"","background-media":"","overlay-type":"","overlay-color":"","overlay-gradient":""},"mobile":{"background-color":"","background-image":"","background-repeat":"repeat","background-position":"center center","background-size":"auto","background-attachment":"scroll","background-type":"","background-media":"","overlay-type":"","overlay-color":"","overlay-gradient":""}},"ast-content-background-meta":{"desktop":{"background-color":"var(--ast-global-color-5)","background-image":"","background-repeat":"repeat","background-position":"center center","background-size":"auto","background-attachment":"scroll","background-type":"","background-media":"","overlay-type":"","overlay-color":"","overlay-gradient":""},"tablet":{"background-color":"var(--ast-global-color-5)","background-image":"","background-repeat":"repeat","background-position":"center center","background-size":"auto","background-attachment":"scroll","background-type":"","background-media":"","overlay-type":"","overlay-color":"","overlay-gradient":""},"mobile":{"background-color":"var(--ast-global-color-5)","background-image":"","background-repeat":"repeat","background-position":"center center","background-size":"auto","background-attachment":"scroll","background-type":"","background-media":"","overlay-type":"","overlay-color":"","overlay-gradient":""}},"_themeisle_gutenberg_block_has_review":false,"footnotes":""},"aioseo_notices":[],"uagb_featured_image_src":{"full":false,"thumbnail":false,"medium":false,"medium_large":false,"large":false,"1536x1536":false,"2048x2048":false,"codesigner-thumb":false,"woocommerce_thumbnail":false,"woocommerce_single":false,"woocommerce_gallery_thumbnail":false},"uagb_author_info":{"display_name":"editora","author_link":"https:\/\/editora.uea.edu.br\/?author=1"},"uagb_comment_info":0,"uagb_excerpt":"Editora UEA Selo dedicado \u00e0 publica\u00e7\u00e3o de obras acad\u00eamicas e cient\u00edficas A marca da editoraUEA \u00e9 baseada em uma peneira baniwa. A escolha do objeto para servir como ponto de partida para elabora\u00e7\u00e3o do elemento gr\u00e1fico que comp\u00f5e a marca, se deve \u00e0 semelhan\u00e7a do exerc\u00edcio da fun\u00e7\u00e3o do objeto, a de filtro, atuando para&hellip;","_links":{"self":[{"href":"https:\/\/editora.uea.edu.br\/index.php?rest_route=\/wp\/v2\/pages\/1786"}],"collection":[{"href":"https:\/\/editora.uea.edu.br\/index.php?rest_route=\/wp\/v2\/pages"}],"about":[{"href":"https:\/\/editora.uea.edu.br\/index.php?rest_route=\/wp\/v2\/types\/page"}],"author":[{"embeddable":true,"href":"https:\/\/editora.uea.edu.br\/index.php?rest_route=\/wp\/v2\/users\/1"}],"replies":[{"embeddable":true,"href":"https:\/\/editora.uea.edu.br\/index.php?rest_route=%2Fwp%2Fv2%2Fcomments&post=1786"}],"version-history":[{"count":39,"href":"https:\/\/editora.uea.edu.br\/index.php?rest_route=\/wp\/v2\/pages\/1786\/revisions"}],"predecessor-version":[{"id":1909,"href":"https:\/\/editora.uea.edu.br\/index.php?rest_route=\/wp\/v2\/pages\/1786\/revisions\/1909"}],"up":[{"embeddable":true,"href":"https:\/\/editora.uea.edu.br\/index.php?rest_route=\/wp\/v2\/pages\/71"}],"wp:attachment":[{"href":"https:\/\/editora.uea.edu.br\/index.php?rest_route=%2Fwp%2Fv2%2Fmedia&parent=1786"}],"curies":[{"name":"wp","href":"https:\/\/api.w.org\/{rel}","templated":true}]}}